{"id":1728,"date":"2011-06-13T21:05:49","date_gmt":"2013-05-04T17:55:52","guid":{"rendered":"http:\/\/www.aulablog.com\/blog\/edublogs13\/?page_id=1728"},"modified":"2013-05-27T23:55:59","modified_gmt":"2013-05-27T21:55:59","slug":"1728-2","status":"publish","type":"page","link":"https:\/\/www.aulablog.com\/blog\/edublogs13\/1728-2\/","title":{"rendered":"Sarrera"},"content":{"rendered":"<p><strong>VIII Aulablog 2013 Jardunaldiak<\/strong> uztailaren 3, 4 eta 5ean ospatuko ditugu Donostiako Nazaret Zentroan. Espainiar Estatu osoko irakasleak batuko gara bertan hezkuntza teknologiez dauzkagun esperientziak partekatzeko. Etorri nahi baduzu <a href=\"https:\/\/www.aulablog.com\/blog\/edublogs13\/eu\/izena-emateko\/\">eman izena<\/a> hainbat arinen. Jarrai gaitzazu <a href=\"https:\/\/twitter.com\/aulablog\">Twitterren<\/a>.<\/p>\n<p>Jardunaldietan taldeka egiten dugu lan:<a href=\"https:\/\/www.aulablog.com\/blog\/edublogs13\/eu\/mintegiak-2\/\"> mintegietan<\/a> batzen gara IKT lanabes berriak erabiltzen ikasteko, Web 2.0ri buruzko pil-pileko <strong>hitzaldiak<\/strong> entzuteko eta elkarrekin <a href=\"https:\/\/www.aulablog.com\/blog\/edublogs13\/eu\/ekintzak\/\">ekintza<\/a> jostagarriak burutzeko. Eguneroko lana hobetzen bultzatzen gaituen <strong>adiskidetasun eta lan giroan<\/strong> egiten dugu hori dena.<\/p>\n<p>2006an ekin genion jardunaldi hauek, antzinako <em>Edublogs<\/em>, urtero ospatzeari. Geure asmoa hezkuntza sistemak hobetzeko behar duen berrikuntzan laguntzea da, Informazio eta Jakintza Gizarte berrian txertatu dezagun sormen, lankidetza eta askatasun giroan. Gainera, jardunaldiok aspaldian sortutako adiskidetasunak eta loturak sendotzeko ezezik, aipaturiko helburua bete nahi duten hezitzaileak ezagutzeko ere balio digute.<\/p>\n<p>Roa de Dueron lehenengo aldiz batu ginanean ere, bagenkien zer nahi genuen eta orduan lortzeko zaila zirudiena, hezkuntza sistemak beregan hartu du apur-apurka. <a href=\"http:\/\/aulablog.wikispaces.com\/Declaracion+de+Roa\">Roako Aitormenaren<\/a> oinarriak txakurramesetak baino ez ziruditen 2006an. Sei urte ondoren, ordea, hur-hurrekoak izatea lortu dugu denon artean.<\/p>\n<p>Hona hemen Roako Aitormena, IKTak hezkuntzan uztartzeari buruzkoa:<\/p>\n<blockquote>\n<p id=\"toc0\"><strong>\u00abDeclaraci\u00f3n de Roa por la integraci\u00f3n de las TIC en la educaci\u00f3n<\/strong><\/p>\n<p><a href=\"https:\/\/www.aulablog.com\/blog\/edublogs13\/intro\/bannerdeclara\/\" rel=\"attachment wp-att-573\"><img loading=\"lazy\" decoding=\"async\" class=\"alignleft  wp-image-573\" style=\"margin-top: 2px;\" title=\"Declaraci\u00f3n de Roa\" alt=\"Declaraci\u00f3n de Roa\" src=\"https:\/\/www.aulablog.com\/blog\/edublogs13\/files\/2011\/06\/bannerdeclara.png\" width=\"150\" height=\"121\" srcset=\"https:\/\/www.aulablog.com\/blog\/edublogs13\/files\/2011\/06\/bannerdeclara.png 150w, https:\/\/www.aulablog.com\/blog\/edublogs13\/files\/2011\/06\/bannerdeclara-140x112.png 140w\" sizes=\"auto, (max-width: 150px) 100vw, 150px\" \/><\/a>La efectiva incorporaci\u00f3n a la Sociedad de la Informaci\u00f3n y la Comunicaci\u00f3n debe ser un objetivo prioritario para cualquier sistema educativo y para cualquier pa\u00eds. La instituci\u00f3n educativa debe asumir la responsabilidad de conseguir la alfabetizaci\u00f3n digital y el acceso de la ciudadan\u00eda a las TIC. Pero la integraci\u00f3n de las TIC necesita un impulso mucho m\u00e1s decidido por parte de toda la comunidad educativa; en consecuencia, el profesorado reunido en Roa realiza la siguiente declaraci\u00f3n por la integraci\u00f3n de las TIC en la ense\u00f1anza.<\/p>\n<ol>\n<li>La incorporaci\u00f3n de las TIC facilita el aprendizaje y la comunicaci\u00f3n de toda la comunidad educativa, y resulta un objetivo irrenunciable.<\/li>\n<li>Es necesaria una pol\u00edtica decidida de las administraciones educativas para que las TIC formen parte del curr\u00edculum y se integren en \u00e9l con competencias definidas.<\/li>\n<li>Resulta necesaria la implementaci\u00f3n de un sistema de evaluaci\u00f3n de los modelos de integraci\u00f3n existentes y los que se puedan poner en marcha.<\/li>\n<li>Se debe dotar a todos los centros educativos de medios t\u00e9cnicos suficientes y funcionales. Es prioritario el acceso a Internet mediante banda ancha.<\/li>\n<li>La dotaci\u00f3n de medios debe ir siempre acompa\u00f1ada del personal t\u00e9cnico especializado. Adem\u00e1s, consideramos necesaria la creaci\u00f3n de la figura del animador\/a TIC, que promueva el uso de estas tecnolog\u00edas, y gu\u00ede a quienes se inician.<\/li>\n<li>Debe fomentarse el uso y desarrollo del software libre, puesto que est\u00e1 sirviendo de soporte para las experiencias innovadoras, que resultan econ\u00f3micamente inviables con herramientas comerciales, y porque facilita el acceso a las TIC.<\/li>\n<li>La formaci\u00f3n del profesorado requiere un cambio en las TIC como objeto y como medio de formaci\u00f3n e incorpore modelos pedag\u00f3gicos para su aplicaci\u00f3n el aula.<\/li>\n<li>Es necesario incentivar al profesorado comprometido con la innovaci\u00f3n, no solo econ\u00f3micamente.<\/li>\n<li>Se debe fomentar la creaci\u00f3n de comunidades profesionales modelo y redes sociales que permitan la formaci\u00f3n entre iguales, la transmisi\u00f3n de buenas pr\u00e1cticas y el trabajo cooperativo.<\/li>\n<li>Se debe difundir el uso de esquemas abiertos de propiedad intelectual y gesti\u00f3n de derechos de autor que fomenten el trabajo en colaboraci\u00f3n y faciliten el acceso a repositorios de recursos educativos.\u00bb<\/li>\n<\/ol>\n<\/blockquote>\n<p>Hauexek izan ditugu orain arteko jardunaldiak:<\/p>\n<ol>\n<li><a title=\"Encuentro de Edublogs 2006 en Roa\" href=\"..\/..\/..\/portal\/edublogs2006\">Edublogs 2006<\/a>, Roa de Dueron, Burgos.<\/li>\n<li><a title=\"Encuentro de Edublogs 2007 en Ayerbe\" href=\"..\/..\/..\/portal\/edublogs2007\">Edublogs 2007<\/a>,\u00a0 Ayerben, Huesca.<\/li>\n<li><a title=\"Encuentro de Edublogs 2008 en Santiago de Compostela\" href=\"..\/..\/..\/portal\/edublogs2008\">Edublogs 2008<\/a>,\u00a0 Santiagon, Coru\u00f1a.<\/li>\n<li><a title=\"Encuentro de Edublogs 2009 en Getxo\" href=\"..\/..\/..\/portal\/edublogs2009\">Edublogs 2009<\/a>, Getxon, Bizkaia.<\/li>\n<li><a title=\"Encuentro de Edublogs 2010 en Avil\u00e9s\" href=\"http:\/\/aulablog.com\/edublogs2010\/\">Edublogs 2010<\/a>,\u00a0 Avil\u00e9sen, Asturias.<\/li>\n<li><a title=\"Encuentro de Edublogs 2011 en Madrid\" href=\"https:\/\/www.aulablog.com\/blog\/edublogs13\" target=\"_blank\">Aulablog 2011<\/a>, Madrilen.<\/li>\n<li><a href=\"http:\/\/www.aulablog.com\/blog\/edublogs12\/\" target=\"_blank\">Aulablog 2012<\/a> Pe\u00f1aranda de Bracamonten, Salamanca.<\/li>\n<\/ol>\n<p style=\"background-color: #e3f7f9; border: 1px solid green; padding: 3px 8px;\">Gurekin harremanetan jartzeko: <strong>info@aulablog.com<\/strong><\/p>\n","protected":false},"excerpt":{"rendered":"<p>VIII Aulablog 2013 Jardunaldiak uztailaren 3, 4 eta 5ean ospatuko ditugu Donostiako Nazaret Zentroan. Espainiar Estatu osoko irakasleak batuko gara bertan hezkuntza teknologiez dauzkagun esperientziak partekatzeko. Etorri nahi baduzu eman izena hainbat arinen. Jarrai gaitzazu Twitterren. Jardunaldietan taldeka egiten dugu lan: mintegietan batzen gara IKT lanabes berriak erabiltzen ikasteko, Web 2.0ri buruzko pil-pileko hitzaldiak entzuteko [&hellip;]<\/p>\n","protected":false},"author":15,"featured_media":0,"parent":0,"menu_order":1,"comment_status":"open","ping_status":"open","template":"","meta":{"footnotes":""},"class_list":["post-1728","page","type-page","status-publish","hentry"],"_links":{"self":[{"href":"https:\/\/www.aulablog.com\/blog\/edublogs13\/wp-json\/wp\/v2\/pages\/1728","targetHints":{"allow":["GET"]}}],"collection":[{"href":"https:\/\/www.aulablog.com\/blog\/edublogs13\/wp-json\/wp\/v2\/pages"}],"about":[{"href":"https:\/\/www.aulablog.com\/blog\/edublogs13\/wp-json\/wp\/v2\/types\/page"}],"author":[{"embeddable":true,"href":"https:\/\/www.aulablog.com\/blog\/edublogs13\/wp-json\/wp\/v2\/users\/15"}],"replies":[{"embeddable":true,"href":"https:\/\/www.aulablog.com\/blog\/edublogs13\/wp-json\/wp\/v2\/comments?post=1728"}],"version-history":[{"count":10,"href":"https:\/\/www.aulablog.com\/blog\/edublogs13\/wp-json\/wp\/v2\/pages\/1728\/revisions"}],"predecessor-version":[{"id":1944,"href":"https:\/\/www.aulablog.com\/blog\/edublogs13\/wp-json\/wp\/v2\/pages\/1728\/revisions\/1944"}],"wp:attachment":[{"href":"https:\/\/www.aulablog.com\/blog\/edublogs13\/wp-json\/wp\/v2\/media?parent=1728"}],"curies":[{"name":"wp","href":"https:\/\/api.w.org\/{rel}","templated":true}]}}

<p><strong>VIII Aulablog 2013 Jardunaldiak</strong> uztailaren 3, 4 eta 5ean ospatuko ditugu Donostiako Nazaret Zentroan. Espainiar Estatu osoko irakasleak batuko gara bertan hezkuntza teknologiez dauzkagun esperientziak partekatzeko. Etorri nahi baduzu <a href="https://www.aulablog.com/blog/edublogs13/eu/izena-emateko/">eman izena</a> hainbat arinen. Jarrai gaitzazu <a href="https://twitter.com/aulablog">Twitterren</a>.</p>
<p>Jardunaldietan taldeka egiten dugu lan:<a href="https://www.aulablog.com/blog/edublogs13/eu/mintegiak-2/"> mintegietan</a> batzen gara IKT lanabes berriak erabiltzen ikasteko, Web 2.0ri buruzko pil-pileko <strong>hitzaldiak</strong> entzuteko eta elkarrekin <a href="https://www.aulablog.com/blog/edublogs13/eu/ekintzak/">ekintza</a> jostagarriak burutzeko. Eguneroko lana hobetzen bultzatzen gaituen <strong>adiskidetasun eta lan giroan</strong> egiten dugu hori dena.</p>
<p>2006an ekin genion jardunaldi hauek, antzinako <em>Edublogs</em>, urtero ospatzeari. Geure asmoa hezkuntza sistemak hobetzeko behar duen berrikuntzan laguntzea da, Informazio eta Jakintza Gizarte berrian txertatu dezagun sormen, lankidetza eta askatasun giroan. Gainera, jardunaldiok aspaldian sortutako adiskidetasunak eta loturak sendotzeko ezezik, aipaturiko helburua bete nahi duten hezitzaileak ezagutzeko ere balio digute.</p>
<p>Roa de Dueron lehenengo aldiz batu ginanean ere, bagenkien zer nahi genuen eta orduan lortzeko zaila zirudiena, hezkuntza sistemak beregan hartu du apur-apurka. <a href="http://aulablog.wikispaces.com/Declaracion+de+Roa">Roako Aitormenaren</a> oinarriak txakurramesetak baino ez ziruditen 2006an. Sei urte ondoren, ordea, hur-hurrekoak izatea lortu dugu denon artean.</p>
<p>Hona hemen Roako Aitormena, IKTak hezkuntzan uztartzeari buruzkoa:</p>
<blockquote>
<p id="toc0"><strong>«Declaración de Roa por la integración de las TIC en la educación</strong></p>
<p><a href="https://www.aulablog.com/blog/edublogs13/intro/bannerdeclara/" rel="attachment wp-att-573"><img loading="lazy" decoding="async" class="alignleft  wp-image-573" style="margin-top: 2px;" title="Declaración de Roa" alt="Declaración de Roa" src="https://www.aulablog.com/blog/edublogs13/files/2011/06/bannerdeclara.png" width="150" height="121" srcset="https://www.aulablog.com/blog/edublogs13/files/2011/06/bannerdeclara.png 150w, https://www.aulablog.com/blog/edublogs13/files/2011/06/bannerdeclara-140x112.png 140w" sizes="auto, (max-width: 150px) 100vw, 150px" /></a>La efectiva incorporación a la Sociedad de la Información y la Comunicación debe ser un objetivo prioritario para cualquier sistema educativo y para cualquier país. La institución educativa debe asumir la responsabilidad de conseguir la alfabetización digital y el acceso de la ciudadanía a las TIC. Pero la integración de las TIC necesita un impulso mucho más decidido por parte de toda la comunidad educativa; en consecuencia, el profesorado reunido en Roa realiza la siguiente declaración por la integración de las TIC en la enseñanza.</p>
<ol>
<li>La incorporación de las TIC facilita el aprendizaje y la comunicación de toda la comunidad educativa, y resulta un objetivo irrenunciable.</li>
<li>Es necesaria una política decidida de las administraciones educativas para que las TIC formen parte del currículum y se integren en él con competencias definidas.</li>
<li>Resulta necesaria la implementación de un sistema de evaluación de los modelos de integración existentes y los que se puedan poner en marcha.</li>
<li>Se debe dotar a todos los centros educativos de medios técnicos suficientes y funcionales. Es prioritario el acceso a Internet mediante banda ancha.</li>
<li>La dotación de medios debe ir siempre acompañada del personal técnico especializado. Además, consideramos necesaria la creación de la figura del animador/a TIC, que promueva el uso de estas tecnologías, y guíe a quienes se inician.</li>
<li>Debe fomentarse el uso y desarrollo del software libre, puesto que está sirviendo de soporte para las experiencias innovadoras, que resultan económicamente inviables con herramientas comerciales, y porque facilita el acceso a las TIC.</li>
<li>La formación del profesorado requiere un cambio en las TIC como objeto y como medio de formación e incorpore modelos pedagógicos para su aplicación el aula.</li>
<li>Es necesario incentivar al profesorado comprometido con la innovación, no solo económicamente.</li>
<li>Se debe fomentar la creación de comunidades profesionales modelo y redes sociales que permitan la formación entre iguales, la transmisión de buenas prácticas y el trabajo cooperativo.</li>
<li>Se debe difundir el uso de esquemas abiertos de propiedad intelectual y gestión de derechos de autor que fomenten el trabajo en colaboración y faciliten el acceso a repositorios de recursos educativos.»</li>
</ol>
</blockquote>
<p>Hauexek izan ditugu orain arteko jardunaldiak:</p>
<ol>
<li><a title="Encuentro de Edublogs 2006 en Roa" href="../../../portal/edublogs2006">Edublogs 2006</a>, Roa de Dueron, Burgos.</li>
<li><a title="Encuentro de Edublogs 2007 en Ayerbe" href="../../../portal/edublogs2007">Edublogs 2007</a>,  Ayerben, Huesca.</li>
<li><a title="Encuentro de Edublogs 2008 en Santiago de Compostela" href="../../../portal/edublogs2008">Edublogs 2008</a>,  Santiagon, Coruña.</li>
<li><a title="Encuentro de Edublogs 2009 en Getxo" href="../../../portal/edublogs2009">Edublogs 2009</a>, Getxon, Bizkaia.</li>
<li><a title="Encuentro de Edublogs 2010 en Avilés" href="http://aulablog.com/edublogs2010/">Edublogs 2010</a>,  Avilésen, Asturias.</li>
<li><a title="Encuentro de Edublogs 2011 en Madrid" href="https://www.aulablog.com/blog/edublogs13" target="_blank">Aulablog 2011</a>, Madrilen.</li>
<li><a href="http://www.aulablog.com/blog/edublogs12/" target="_blank">Aulablog 2012</a> Peñaranda de Bracamonten, Salamanca.</li>
</ol>
<p style="background-color: #e3f7f9; border: 1px solid green; padding: 3px 8px;">Gurekin harremanetan jartzeko: <strong>info@aulablog.com</strong></p>
