{"id":310,"date":"2015-05-18T10:34:41","date_gmt":"2015-05-18T10:34:41","guid":{"rendered":"http:\/\/www.aulablog.com\/blog\/encuentro10\/?page_id=310"},"modified":"2015-06-15T12:06:48","modified_gmt":"2015-06-15T12:06:48","slug":"makers-space","status":"publish","type":"page","link":"https:\/\/www.aulablog.com\/blog\/encuentro10\/makers-space\/","title":{"rendered":"Makers Space"},"content":{"rendered":"<p>[et_pb_section][et_pb_row][et_pb_column type=\u00bb1_3&#8243;][et_pb_text admin_label=\u00bbTexto\u00bb background_layout=\u00bblight\u00bb text_orientation=\u00bbleft\u00bb]<\/p>\n<p><img loading=\"lazy\" decoding=\"async\" class=\"alignnone wp-image-302 size-medium\" src=\"https:\/\/www.aulablog.com\/blog\/encuentro10\/files\/2015\/05\/MAKERSPACE-300x212.jpg\" alt=\"MAKERSPACE\" width=\"300\" height=\"212\" srcset=\"https:\/\/www.aulablog.com\/blog\/encuentro10\/files\/2015\/05\/MAKERSPACE-300x212.jpg 300w, https:\/\/www.aulablog.com\/blog\/encuentro10\/files\/2015\/05\/MAKERSPACE-400x284.jpg 400w, https:\/\/www.aulablog.com\/blog\/encuentro10\/files\/2015\/05\/MAKERSPACE.jpg 800w\" sizes=\"(max-width: 300px) 100vw, 300px\" \/><\/p>\n<p>[\/et_pb_text][\/et_pb_column][et_pb_column type=\u00bb2_3&#8243;][et_pb_text admin_label=\u00bbTexto\u00bb background_layout=\u00bblight\u00bb text_orientation=\u00bbleft\u00bb]<\/p>\n<div class=\"et_pb_slide_content\">\n<p style=\"text-align: justify;\">\u00bfTe gusta la programaci\u00f3n\u00bf \u00bfte apasiona montar cacharros? \u00bfte parece genial trastear con drones y robots?<\/p>\n<p style=\"text-align: justify;\">Si la respuesta a alguna de estas preguntas es afirmativa este es tu \u00e1rea. Entra en el espacio\u00a0de \u201cmakers\u201d y disfruta con nosotros \u201ccacharreando\u201d con todo tipo de dispositivos: robots, impresoras 3D, programaci\u00f3n y mucho m\u00e1s..<\/p>\n<p style=\"text-align: justify;\">\u00a1Te estamos esperando!<\/p>\n<\/div>\n<p>&nbsp;<\/p>\n<p>[\/et_pb_text][\/et_pb_column][\/et_pb_row][\/et_pb_section][et_pb_section fullwidth=\u00bbon\u00bb specialty=\u00bboff\u00bb transparent_background=\u00bboff\u00bb background_color=\u00bb#1e73be\u00bb allow_player_pause=\u00bboff\u00bb inner_shadow=\u00bboff\u00bb parallax=\u00bboff\u00bb parallax_method=\u00bboff\u00bb][et_pb_fullwidth_header admin_label=\u00bbT\u00edtulo de anchura completa\u00bb title=\u00bbTALLERES: MAKERS SPACE\u00bb subhead=\u00bb\u00c1rea STEAM\u00bb background_layout=\u00bbdark\u00bb text_orientation=\u00bbcenter\u00bb \/][\/et_pb_section][et_pb_section fullwidth=\u00bboff\u00bb specialty=\u00bboff\u00bb transparent_background=\u00bboff\u00bb background_color=\u00bb#ffffff\u00bb allow_player_pause=\u00bboff\u00bb inner_shadow=\u00bboff\u00bb parallax=\u00bboff\u00bb parallax_method=\u00bboff\u00bb][et_pb_row][et_pb_column type=\u00bb1_3&#8243;][et_pb_blurb admin_label=\u00bbAnuncio\u00bb title=\u00bb Dise\u00f1o 3D con Sketchup\u00bb url_new_window=\u00bboff\u00bb use_icon=\u00bbon\u00bb font_icon=\u00bbl\u00bb icon_color=\u00bb#ffffff\u00bb use_circle=\u00bbon\u00bb circle_color=\u00bb#eeee22&#8243; use_circle_border=\u00bbon\u00bb circle_border_color=\u00bb#ffffff\u00bb icon_placement=\u00bbtop\u00bb animation=\u00bbtop\u00bb background_layout=\u00bblight\u00bb text_orientation=\u00bbleft\u00bb]<\/p>\n<div class='et-learn-more et-open clearfix'>\n\t\t\t\t\t<h3 class='heading-more open'>Descripci\u00f3n<span class='et_learnmore_arrow'><span><\/span><\/span><\/h3>\n\t\t\t\t\t<div class='learn-more-content'><p>Hoy, gracias a la impresi\u00f3n 3D podemos dise\u00f1ar objetos del mundo digital al mundo f\u00edsico. Si quieres dise\u00f1ar tu primera pieza 3D \u00e9ste es tu taller.<\/p>\n<p>Mediante una metodolog\u00eda de <a href=\"https:\/\/drive.google.com\/open?id=0B5MJcFIMM3wAY2M1VHppeW5zbC16Ynh5SklGM29CMVNVcGY4&amp;authuser=0\">aprendizaje basado en dise\u00f1o<\/a> aprenderemos a desarrollar modelos 3D y veremos las pautas para imprimirlos en una impresora 3D.<\/p>\n<p>Tras dise\u00f1arlos de manera creativa los participantes podr\u00e1n imprimir y llevarse sus propios prototipos . \ud83d\ude09<\/p><\/div>\n\t\t\t\t<\/div><div class='et-learn-more clearfix'>\n\t\t\t\t\t<h3 class='heading-more'>Contenidos<span class='et_learnmore_arrow'><span><\/span><\/span><\/h3>\n\t\t\t\t\t<div class='learn-more-content'><ul>\n<li>Fases del <a href=\"https:\/\/drive.google.com\/open?id=0B5MJcFIMM3wAY2M1VHppeW5zbC16Ynh5SklGM29CMVNVcGY4&amp;authuser=0\">aprendizaje basado en dise\u00f1o<\/a> (design thinking)<\/li>\n<li>Generar modelos 3D en base a una idea o concepto.<\/li>\n<li>Configuraci\u00f3n, controles y herramientas b\u00e1sicas de software de dise\u00f1o 3D <a href=\"http:\/\/www.sketchup.com\/es\">Sketch up<\/a> y de software de impresi\u00f3n 3D <a href=\"https:\/\/ultimaker.com\/en\/products\/software\">Cura.<\/a><\/li>\n<li>Conocer las fases y aspectos m\u00e1s importantes para imprimir en 3D.<\/li>\n<\/ul><\/div>\n\t\t\t\t<\/div><div class='et-learn-more clearfix'>\n\t\t\t\t\t<h3 class='heading-more'>Material necesario<span class='et_learnmore_arrow'><span><\/span><\/span><\/h3>\n\t\t\t\t\t<div class='learn-more-content'><p>Port\u00e1til (recomendable con lector de tarjetas SD) con software instalado<\/p>\n<ul>\n<li><a href=\"http:\/\/www.sketchup.com\/es\">Sketch up<\/a><\/li>\n<li><a href=\"https:\/\/ultimaker.com\/en\/products\/software\">Cura.<\/a><\/li>\n<\/ul><\/div>\n\t\t\t\t<\/div><\/p>\n<p>[\/et_pb_blurb][\/et_pb_column][et_pb_column type=\u00bb1_3&#8243;][et_pb_blurb admin_label=\u00bbAnuncio\u00bb title=\u00bbIntroducci\u00f3n a Scratch\u00bb url_new_window=\u00bboff\u00bb use_icon=\u00bbon\u00bb font_icon=\u00bb\ue037\u00bb icon_color=\u00bb#ffffff\u00bb use_circle=\u00bbon\u00bb circle_color=\u00bb#81d742&#8243; use_circle_border=\u00bbon\u00bb circle_border_color=\u00bb#ffffff\u00bb icon_placement=\u00bbtop\u00bb animation=\u00bbtop\u00bb background_layout=\u00bblight\u00bb text_orientation=\u00bbleft\u00bb]<div class='et-learn-more et-open clearfix'>\n\t\t\t\t\t<h3 class='heading-more open'>Descripci\u00f3n<span class='et_learnmore_arrow'><span><\/span><\/span><\/h3>\n\t\t\t\t\t<div class='learn-more-content'><p>Ahora que en el curr\u00edculo se incluye la competencia tecnol\u00f3gica asociada a la programaci\u00f3n y la rob\u00f3tica, este taller pr\u00e1ctico sobre Scratch te puede ayudar a adaptarte a las nuevas exigencias. El nivel ser\u00e1 de iniciaci\u00f3n, as\u00ed que no te asustes y disfruta de la programaci\u00f3n.<\/p>\n<p>Se recomienda tener Scratch cargado en el ordenador (no hay versi\u00f3n para tablets !!!!)<\/p><\/div>\n\t\t\t\t<\/div><\/p>\n<p>&nbsp;<\/p>\n<div class='et-learn-more clearfix'>\n\t\t\t\t\t<h3 class='heading-more'>Contenidos<span class='et_learnmore_arrow'><span><\/span><\/span><\/h3>\n\t\t\t\t\t<div class='learn-more-content'><p>Nada de teor\u00eda, inmersi\u00f3n total !!! \u00a0Abrimos Scratch y comenzamos desarrollando un piano !!! con MakeyMakey. Ahora nos metemos a hacer un cuento y terminamos aprendiendo geometr\u00eda divertida \ud83d\ude09<\/p>\n<p>Antes de hacer esta propuesta se ha realizado con \u00e9xito un test de idoneidad con alumnos de primaria de diferentes centros. Si ellos han podido, t\u00fa tambi\u00e9n !!!<\/p><\/div>\n\t\t\t\t<\/div><div class='et-learn-more clearfix'>\n\t\t\t\t\t<h3 class='heading-more'>Material necesario<span class='et_learnmore_arrow'><span><\/span><\/span><\/h3>\n\t\t\t\t\t<div class='learn-more-content'><ul>\n<li>Ordenadores personales o port\u00e1tiles, Scratch y placas MakeyMakey<\/li>\n<\/ul><\/div>\n\t\t\t\t<\/div><div class='et-learn-more clearfix'>\n\t\t\t\t\t<h3 class='heading-more'>Comentarios<span class='et_learnmore_arrow'><span><\/span><\/span><\/h3>\n\t\t\t\t\t<div class='learn-more-content'><ul>\n<li>Cuando termines te llevar\u00e1s 3 actividades para realizar directamente en el aula.<b>Yes, you can !!! \ud83d\ude09<\/b><span style=\"line-height: 1.5;\"><\/div>\n\t\t\t\t<\/div><\/span><\/li>\n<\/ul>\n<p>&nbsp;<\/p>\n<p>[\/et_pb_blurb][\/et_pb_column][et_pb_column type=\u00bb1_3&#8243;][et_pb_blurb admin_label=\u00bbAnuncio\u00bb url_new_window=\u00bboff\u00bb use_icon=\u00bbon\u00bb font_icon=\u00bb\ue038\u00bb icon_color=\u00bb#ffffff\u00bb use_circle=\u00bbon\u00bb circle_color=\u00bb#81d742&#8243; use_circle_border=\u00bbon\u00bb circle_border_color=\u00bb#ffffff\u00bb icon_placement=\u00bbtop\u00bb animation=\u00bbtop\u00bb background_layout=\u00bblight\u00bb text_orientation=\u00bbleft\u00bb title=\u00bbBotell\u00f3n electr\u00f3nico\/rob\u00f3tico\u00bb]<div class='et-learn-more et-open clearfix'>\n\t\t\t\t\t<h3 class='heading-more open'>Descripci\u00f3n<span class='et_learnmore_arrow'><span><\/span><\/span><\/h3>\n\t\t\t\t\t<div class='learn-more-content'><p>Si eres un maker o simplemente te gusta cacharrear, este es tu taller. Puedes traerte tus propio kits y compartir tus robots creados o simplemente<b> aventurarte e iniciarte<\/b> en el mundo de la <b>rob\u00f3tica educativa<\/b> en primaria y secundaria.<\/p>\n<p>Se trabajar\u00e1 con variopintos kits de electr\u00f3nica y de rob\u00f3tica (Arduino, Crumble, LEGO Mindstorms, LEGO WeDo, Makey-makey, Raspsberry Pi, &#8230;), donde el participante podr\u00e1 elegir el kit que mejor se adapta a su etapa y con el que desea experimentar.<\/p>\n<p>Cada kit tendr\u00e1 asociado un reto, el cual se deber\u00e1 resolver de manera cooperativa.<\/p>\n<p>Como si eres un \u201crobotero\u201d o quieres iniciarte montando tu primer robot pasate por el espacio STEAM de Aulablog<\/p><\/div>\n\t\t\t\t<\/div><div class='et-learn-more clearfix'>\n\t\t\t\t\t<h3 class='heading-more'>Contenidos<span class='et_learnmore_arrow'><span><\/span><\/span><\/h3>\n\t\t\t\t\t<div class='learn-more-content'><p>&nbsp;<\/p>\n<ul>\n<li>Roles cooperativos en proyectos de rob\u00f3tica.<\/li>\n<li>Montaje y ensamblaje de un robot o sistema electr\u00f3nico.<\/li>\n<li>Programaci\u00f3n de aut\u00f3matas, \u00f3rdenes y variables<\/li>\n<li>Programaci\u00f3n de motores y sensores en un robot.<\/li>\n<li>Uso de robots para solucionar distintos problemas.<\/li>\n<\/ul><\/div>\n\t\t\t\t<\/div><div class='et-learn-more clearfix'>\n\t\t\t\t\t<h3 class='heading-more'>Material necesario<span class='et_learnmore_arrow'><span><\/span><\/span><\/h3>\n\t\t\t\t\t<div class='learn-more-content'><p>M\u00f3vil o c\u00e1mara para fotografiar, grabar y twitear<\/p>\n<p>Port\u00e1til (opcional)<\/p>\n<p>Dependiendo del reto es recomendable traer instalado el software:<\/p>\n<ul>\n<li>Scratch 2.0 (Para Windows y Mac): <a href=\"https:\/\/scratch.mit.edu\/scratch2download\/\">https:\/\/scratch.mit.edu\/scratch2download\/<\/a><\/li>\n<li>CRUMBLE (Para Windows y Mac): <a href=\"http:\/\/redfernelectronics.co.uk\/crumble-software\/\">http:\/\/redfernelectronics.co.uk\/crumble-software\/<\/a><\/li>\n<li>Versi\u00f3n LITE LEGO Mindstorms (Para Windows y Mac): <a href=\"http:\/\/www.lego.com\/en-gb\/mindstorms\/downloads\/download-software\">http:\/\/www.lego.com\/en-gb\/mindstorms\/downloads\/download-software<\/a><\/li>\n<li>IDE Arduino (Para Linux, Windows y Mac): <a href=\"http:\/\/www.arduino.cc\/en\/Main\/Software\">http:\/\/www.arduino.cc\/en\/Main\/Software<\/a><\/li>\n<\/ul>\n<p>&nbsp;<\/p><\/div>\n\t\t\t\t<\/div><\/p>\n<p>&nbsp;<\/p>\n<p>&nbsp;<\/p>\n<p>&nbsp;<\/p>\n<p>[\/et_pb_blurb][\/et_pb_column][\/et_pb_row][\/et_pb_section]<\/p>\n","protected":false},"excerpt":{"rendered":"<p><div class=\"et_pb_section et_pb_section_0 et_section_regular\" >\n\t\t\t\t\n\t\t\t\t\n\t\t\t\t\n\t\t\t\t\n\t\t\t\t\n\t\t\t\t\n\t\t\t\t\n\t\t\t\t\n\t\t\t\t\n\t\t\t<\/div><div class=\"et_pb_row et_pb_row_0 et_pb_row_empty\">\n\t\t\t\t\n\t\t\t\t\n\t\t\t\t\n\t\t\t\t\n\t\t\t\t\n\t\t\t<\/div> \u00bfTe gusta la programaci\u00f3n\u00bf \u00bfte apasiona montar cacharros? \u00bfte parece genial trastear con drones y robots? Si la respuesta a alguna de estas preguntas es afirmativa este es tu \u00e1rea. Entra en el espacio\u00a0de \u201cmakers\u201d y disfruta con nosotros \u201ccacharreando\u201d con todo tipo de dispositivos: robots, impresoras 3D, programaci\u00f3n y mucho m\u00e1s.. \u00a1Te estamos [&hellip;]<\/p>\n","protected":false},"author":23,"featured_media":0,"parent":0,"menu_order":0,"comment_status":"open","ping_status":"open","template":"","meta":{"_et_pb_use_builder":"on","_et_pb_old_content":"","_et_gb_content_width":"","footnotes":""},"class_list":["post-310","page","type-page","status-publish","hentry"],"_links":{"self":[{"href":"https:\/\/www.aulablog.com\/blog\/encuentro10\/wp-json\/wp\/v2\/pages\/310","targetHints":{"allow":["GET"]}}],"collection":[{"href":"https:\/\/www.aulablog.com\/blog\/encuentro10\/wp-json\/wp\/v2\/pages"}],"about":[{"href":"https:\/\/www.aulablog.com\/blog\/encuentro10\/wp-json\/wp\/v2\/types\/page"}],"author":[{"embeddable":true,"href":"https:\/\/www.aulablog.com\/blog\/encuentro10\/wp-json\/wp\/v2\/users\/23"}],"replies":[{"embeddable":true,"href":"https:\/\/www.aulablog.com\/blog\/encuentro10\/wp-json\/wp\/v2\/comments?post=310"}],"version-history":[{"count":12,"href":"https:\/\/www.aulablog.com\/blog\/encuentro10\/wp-json\/wp\/v2\/pages\/310\/revisions"}],"predecessor-version":[{"id":593,"href":"https:\/\/www.aulablog.com\/blog\/encuentro10\/wp-json\/wp\/v2\/pages\/310\/revisions\/593"}],"wp:attachment":[{"href":"https:\/\/www.aulablog.com\/blog\/encuentro10\/wp-json\/wp\/v2\/media?parent=310"}],"curies":[{"name":"wp","href":"https:\/\/api.w.org\/{rel}","templated":true}]}}