{"id":304,"date":"2015-05-18T10:26:53","date_gmt":"2015-05-18T10:26:53","guid":{"rendered":"http:\/\/www.aulablog.com\/blog\/encuentro11\/?page_id=304"},"modified":"2016-07-07T17:21:52","modified_gmt":"2016-07-07T17:21:52","slug":"espacio-off","status":"publish","type":"page","link":"https:\/\/www.aulablog.com\/blog\/encuentro11\/espacio-off\/","title":{"rendered":"Espacio OFF"},"content":{"rendered":"<p>[et_pb_section admin_label=\u00bbsection\u00bb][et_pb_row admin_label=\u00bbrow\u00bb][et_pb_column type=\u00bb1_3&#8243;][et_pb_text admin_label=\u00bbTexto\u00bb background_layout=\u00bblight\u00bb text_orientation=\u00bbleft\u00bb]<\/p>\n<p><img loading=\"lazy\" decoding=\"async\" class=\" wp-image-298 size-full aligncenter\" src=\"https:\/\/www.aulablog.com\/blog\/encuentro11\/files\/2015\/05\/ZONAOFF.jpg\" alt=\"ZONAOFF\" width=\"800\" height=\"566\" srcset=\"https:\/\/www.aulablog.com\/blog\/encuentro11\/files\/2015\/05\/ZONAOFF.jpg 800w, https:\/\/www.aulablog.com\/blog\/encuentro11\/files\/2015\/05\/ZONAOFF-300x212.jpg 300w, https:\/\/www.aulablog.com\/blog\/encuentro11\/files\/2015\/05\/ZONAOFF-400x284.jpg 400w\" sizes=\"(max-width: 800px) 100vw, 800px\" \/><\/p>\n<p>[\/et_pb_text][\/et_pb_column][et_pb_column type=\u00bb2_3&#8243;][et_pb_text admin_label=\u00bbTexto\u00bb background_layout=\u00bblight\u00bb text_orientation=\u00bbleft\u00bb]<\/p>\n<p style=\"text-align: justify;\">En este espacio tendr\u00e1s que dejar a un lado todos tus cachivaches tecnol\u00f3gicos: \u00a1es un espacio libre de tecnolog\u00eda! as\u00ed que fuera m\u00f3viles, tabletas y ordenadores y prep\u00e1rate\u00a0para trabajar libre de distracciones<\/p>\n<p>\u00bfAceptas el reto?<\/p>\n<p>&nbsp;<\/p>\n<p>&nbsp;<\/p>\n<p>[\/et_pb_text][\/et_pb_column][\/et_pb_row][\/et_pb_section][et_pb_section admin_label=\u00bbsection\u00bb fullwidth=\u00bbon\u00bb specialty=\u00bboff\u00bb transparent_background=\u00bboff\u00bb background_color=\u00bb#1e73be\u00bb allow_player_pause=\u00bboff\u00bb inner_shadow=\u00bboff\u00bb parallax=\u00bboff\u00bb parallax_method=\u00bboff\u00bb][et_pb_fullwidth_header admin_label=\u00bbT\u00edtulo de anchura completa\u00bb title=\u00bbTALLERES: ZONA OFF\u00bb subhead=\u00bb\u00c1rea sin tecnolog\u00eda\u00bb background_layout=\u00bbdark\u00bb text_orientation=\u00bbcenter\u00bb] [\/et_pb_fullwidth_header][\/et_pb_section][et_pb_section admin_label=\u00bbsection\u00bb fullwidth=\u00bboff\u00bb specialty=\u00bboff\u00bb transparent_background=\u00bboff\u00bb background_color=\u00bb#ffffff\u00bb allow_player_pause=\u00bboff\u00bb inner_shadow=\u00bboff\u00bb parallax=\u00bboff\u00bb parallax_method=\u00bboff\u00bb disabled_on=\u00bboff|off|off\u00bb disabled=\u00bboff\u00bb padding_mobile=\u00bboff\u00bb make_fullwidth=\u00bboff\u00bb use_custom_width=\u00bboff\u00bb width_unit=\u00bbon\u00bb make_equal=\u00bboff\u00bb use_custom_gutter=\u00bboff\u00bb][et_pb_row admin_label=\u00bbrow\u00bb][et_pb_column type=\u00bb1_4&#8243;][et_pb_blurb admin_label=\u00bbAnuncio\u00bb title=\u00bbArte y Matem\u00e1ticas con Papiroflex\u00eda \u00bb url_new_window=\u00bboff\u00bb use_icon=\u00bbon\u00bb font_icon=\u00bb\ue01f\u00bb icon_color=\u00bb#ffffff\u00bb use_circle=\u00bbon\u00bb circle_color=\u00bb#e09900&#8243; use_circle_border=\u00bbon\u00bb circle_border_color=\u00bb#ffffff\u00bb icon_placement=\u00bbtop\u00bb animation=\u00bbtop\u00bb background_layout=\u00bblight\u00bb text_orientation=\u00bbleft\u00bb use_icon_font_size=\u00bboff\u00bb use_border_color=\u00bboff\u00bb border_color=\u00bb#ffffff\u00bb border_style=\u00bbsolid\u00bb] <div class='et-learn-more et-open clearfix'>\n\t\t\t\t\t<h3 class='heading-more open'>Descripci\u00f3n<span class='et_learnmore_arrow'><span><\/span><\/span><\/h3>\n\t\t\t\t\t<div class='learn-more-content'><span style=\"color: #3366ff;\"><strong>Viernes 8 de julio de 18:00 a 20:00<\/strong><\/span><\/p>\n<p>&nbsp;<\/p>\n<p id=\"yui_3_7_3_2_1463511674149_411\">Este taller nos mostrar\u00e1 c\u00f3mo llevar a nuestro alumnado a las Matem\u00e1ticas de forma atractiva utilizando la papiroflexia por su riqueza cultural y su gran valor pedag\u00f3gico.<\/p>\n<p>Desarrollaremos una metodolog\u00eda divertida que favorezca la capacidad de concentraci\u00f3n e imaginaci\u00f3n con fines pedag\u00f3gicos para estudiar e ilustrar la geometr\u00eda elemental plana, pol\u00edgonos y poliedros.<\/p>\n<p><a href='#' class='small-button smallblue'>Bernab\u00e9 Mart\u00edn<\/a><\/div>\n\t\t\t\t<\/div> [\/et_pb_blurb][\/et_pb_column][et_pb_column type=\u00bb1_4&#8243;][et_pb_blurb admin_label=\u00bbAnuncio\u00bb title=\u00bbRepensar los espacios de aprendizaje\u00bb url_new_window=\u00bboff\u00bb use_icon=\u00bbon\u00bb font_icon=\u00bb\ue603\u00bb icon_color=\u00bb#ffffff\u00bb use_circle=\u00bbon\u00bb circle_color=\u00bb#e09900&#8243; use_circle_border=\u00bbon\u00bb circle_border_color=\u00bb#ffffff\u00bb icon_placement=\u00bbtop\u00bb animation=\u00bbtop\u00bb background_layout=\u00bblight\u00bb text_orientation=\u00bbleft\u00bb use_icon_font_size=\u00bboff\u00bb use_border_color=\u00bboff\u00bb border_color=\u00bb#ffffff\u00bb border_style=\u00bbsolid\u00bb] <div class='et-learn-more et-open clearfix'>\n\t\t\t\t\t<h3 class='heading-more open'>Descripci\u00f3n<span class='et_learnmore_arrow'><span><\/span><\/span><\/h3>\n\t\t\t\t\t<div class='learn-more-content'><span style=\"color: #3366ff;\"><strong>S\u00e1bado 9 de julio de 9:30 a 11:30<\/strong><\/span><\/p>\n<p>&nbsp;<\/p>\n<p>&nbsp;<\/p>\n<p>&nbsp;<\/p>\n<p>&nbsp;<\/p>\n<p>Se har\u00e1 una reflexi\u00f3n previa sobre el uso de los espacios para el aprendizaje y los cambios que surgen de la necesidad de las diferentes metodolog\u00edas que se desarrollan en nuestro \u00e1mbito. Una vez realizada la reflexi\u00f3n grupal, se desarrollar\u00e1n diferentes ideas partiendo de proyectos reales desarrollados en centros educativos. Se recomendar\u00e1 donde buscar la informaci\u00f3n, ideas, saber qu\u00e9 materiales son los m\u00e1s adecuados sin necesitar realizar muchas inversiones.\nSe propotipar\u00e1 un aula con diferentes elementos asequibles in situ para ver el proceso de cambio de un espacio.<\/p>\n<p>Este taller est\u00e1 abierto a todos los asistentes al encuentro, no necesitando ning\u00fan requisito previo.<\/p>\n<p>Venid con ganas de compartir conocimientos, de conocer otras experiencias educativas y de pensar entre todos qu\u00e9 ideas se pueden llevar a cabo en el aula con materiales cercanos y asequibles.<\/p>\n<p><a href='#' class='small-button smallblue'>Ana Villard\u00f3n y Raquel Corchero<\/a><\/div>\n\t\t\t\t<\/div> [\/et_pb_blurb][\/et_pb_column][et_pb_column type=\u00bb1_4&#8243;][et_pb_blurb admin_label=\u00bbAnuncio\u00bb title=\u00bbClaustros coopeativos\u00bb url_new_window=\u00bboff\u00bb use_icon=\u00bbon\u00bb font_icon=\u00bb%%151%%\u00bb icon_color=\u00bb#ffffff\u00bb use_circle=\u00bbon\u00bb circle_color=\u00bb#e09900&#8243; use_circle_border=\u00bbon\u00bb circle_border_color=\u00bb#ffffff\u00bb icon_placement=\u00bbtop\u00bb animation=\u00bbtop\u00bb background_layout=\u00bblight\u00bb text_orientation=\u00bbleft\u00bb use_icon_font_size=\u00bboff\u00bb use_border_color=\u00bboff\u00bb border_color=\u00bb#ffffff\u00bb border_style=\u00bbsolid\u00bb] <div class='et-learn-more et-open clearfix'>\n\t\t\t\t\t<h3 class='heading-more open'>Descripci\u00f3n<span class='et_learnmore_arrow'><span><\/span><\/span><\/h3>\n\t\t\t\t\t<div class='learn-more-content'><span style=\"color: #3366ff;\"><strong>S\u00e1bado 9 de julio de 12:00 a 14:00<\/strong><\/span><\/p>\n<p>&nbsp;<\/p>\n<p>Mediante este taller se pretenden compartir algunas t\u00e9cnicas de aprendizaje cooperativo entre docentes para hacer sesiones de trabajo m\u00e1s operativas, participativas y satisfactorias dentro de los equipos docentes de los centros. Veremos algunas din\u00e1micas para agilizar reuniones de trabajo, focalizar los objetivos de nuestra organizaci\u00f3n o centro educativo, poder hacer participar m\u00e1s a todos los miembros de la comunidad educativa, etc.<\/p>\n<p>Aprenderemos y compartiremos t\u00e9cnicas de creatividad y desarrollo de ideas, an\u00e1lisis de situaciones o problemas y posibles soluciones, herramientas para intervenir en grupos, estructuras cooperativas de trabajo docente.<\/p>\n<p>Este taller est\u00e1 abierto a todos los asistentes al encuentro, no necesitando ning\u00fan requisito previo.<\/p>\n<p>Hay que venir con ganas de aprender, compartir y disfrutar.<\/p>\n<p><a href='#' class='small-button smallblue'>Javier Monteagudo<\/a><\/div>\n\t\t\t\t<\/div> [\/et_pb_blurb][\/et_pb_column][et_pb_column type=\u00bb1_4&#8243;][et_pb_blurb admin_label=\u00bbAnuncio\u00bb title=\u00bbTaller de voz\u00bb url_new_window=\u00bboff\u00bb use_icon=\u00bbon\u00bb font_icon=\u00bb%%49%%\u00bb icon_color=\u00bb#ffffff\u00bb use_circle=\u00bbon\u00bb circle_color=\u00bb#e09900&#8243; use_circle_border=\u00bbon\u00bb circle_border_color=\u00bb#ffffff\u00bb icon_placement=\u00bbtop\u00bb animation=\u00bbtop\u00bb background_layout=\u00bblight\u00bb text_orientation=\u00bbleft\u00bb use_icon_font_size=\u00bboff\u00bb use_border_color=\u00bboff\u00bb border_color=\u00bb#ffffff\u00bb border_style=\u00bbsolid\u00bb]<\/p>\n<div class='et-learn-more et-open clearfix'>\n\t\t\t\t\t<h3 class='heading-more open'>Descripci\u00f3n<span class='et_learnmore_arrow'><span><\/span><\/span><\/h3>\n\t\t\t\t\t<div class='learn-more-content'><span style=\"color: #3366ff;\"><strong>S\u00e1bado 9 de julio de 16:30 a 18:30<\/strong><\/span><\/p>\n<p>&nbsp;<\/p>\n<p>&nbsp;<\/p>\n<p>&nbsp;<\/p>\n<p>&nbsp;<\/p>\n<p>\u00bfSabes c\u00f3mo pasar un d\u00eda sin que termines sin voz? Qu\u00e9 te parece si le dedicas unos minutos a tu voz, la cuidas y la preparas para afrontar situaciones complicadas ac\u00fasticamente, como el patio de tu centro, el gimnasio, los grandes espacios en general o tu misma clase.<\/p>\n<p>No compitas en intensidad sonora, cambia de h\u00e1bitos, t\u00f3matelo con clama y regula tu intensidad. S\u00e9 consciente de las dificultades, conoce qu\u00e9 recursos voc\u00e1licos tienes, cu\u00e1les son tus puntos fuertes, ap\u00f3yate en ellos.<\/p>\n<p>En este taller aprenderemos a respirar de manera eficaz\u00a0 y a controlar la emisi\u00f3n del sonido para producir la voz apoy\u00e1ndonos en las cavidades de resonancia.<\/p>\n<p>&nbsp;<\/p>\n<p><a href=\"https:\/\/www.aulablog.com\/blog\/encuentro11\/taller-de-voz\/\" target=\"_blank\">Recursos del taller<\/a><\/p>\n<p>&nbsp;<\/p>\n<p>&nbsp;<\/p>\n<p><a href='#' class='small-button smallblue'>Isidro Vidal<\/a><\/div>\n\t\t\t\t<\/div>\n<p>[\/et_pb_blurb][\/et_pb_column][\/et_pb_row][\/et_pb_section]<\/p>\n","protected":false},"excerpt":{"rendered":"<p>En este espacio tendr\u00e1s que dejar a un lado todos tus cachivaches tecnol\u00f3gicos: \u00a1es un espacio libre de tecnolog\u00eda! as\u00ed que fuera m\u00f3viles, tabletas y ordenadores y prep\u00e1rate\u00a0para trabajar libre de distracciones \u00bfAceptas el reto? &nbsp; &nbsp; <div class='et-learn-more et-open clearfix'>\n\t\t\t\t\t<h3 class='heading-more open'>Descripci\u00f3n<span class='et_learnmore_arrow'><span><\/span><\/span><\/h3>\n\t\t\t\t\t<div class='learn-more-content'><\/div>\n\t\t\t\t<\/div>Viernes 8 de julio de 18:00 a 20:00 &nbsp; Este taller nos mostrar\u00e1 c\u00f3mo llevar a [&hellip;]<\/p>\n","protected":false},"author":23,"featured_media":0,"parent":0,"menu_order":0,"comment_status":"open","ping_status":"open","template":"","meta":{"_et_pb_use_builder":"on","_et_pb_old_content":"","_et_gb_content_width":"","footnotes":""},"class_list":["post-304","page","type-page","status-publish","hentry"],"_links":{"self":[{"href":"https:\/\/www.aulablog.com\/blog\/encuentro11\/wp-json\/wp\/v2\/pages\/304","targetHints":{"allow":["GET"]}}],"collection":[{"href":"https:\/\/www.aulablog.com\/blog\/encuentro11\/wp-json\/wp\/v2\/pages"}],"about":[{"href":"https:\/\/www.aulablog.com\/blog\/encuentro11\/wp-json\/wp\/v2\/types\/page"}],"author":[{"embeddable":true,"href":"https:\/\/www.aulablog.com\/blog\/encuentro11\/wp-json\/wp\/v2\/users\/23"}],"replies":[{"embeddable":true,"href":"https:\/\/www.aulablog.com\/blog\/encuentro11\/wp-json\/wp\/v2\/comments?post=304"}],"version-history":[{"count":29,"href":"https:\/\/www.aulablog.com\/blog\/encuentro11\/wp-json\/wp\/v2\/pages\/304\/revisions"}],"predecessor-version":[{"id":721,"href":"https:\/\/www.aulablog.com\/blog\/encuentro11\/wp-json\/wp\/v2\/pages\/304\/revisions\/721"}],"wp:attachment":[{"href":"https:\/\/www.aulablog.com\/blog\/encuentro11\/wp-json\/wp\/v2\/media?parent=304"}],"curies":[{"name":"wp","href":"https:\/\/api.w.org\/{rel}","templated":true}]}}

<p>[et_pb_section admin_label=»section»][et_pb_row admin_label=»row»][et_pb_column type=»1_3&#8243;][et_pb_text admin_label=»Texto» background_layout=»light» text_orientation=»left»]</p>
<p><img loading="lazy" decoding="async" class=" wp-image-298 size-full aligncenter" src="https://www.aulablog.com/blog/encuentro11/files/2015/05/ZONAOFF.jpg" alt="ZONAOFF" width="800" height="566" srcset="https://www.aulablog.com/blog/encuentro11/files/2015/05/ZONAOFF.jpg 800w, https://www.aulablog.com/blog/encuentro11/files/2015/05/ZONAOFF-300x212.jpg 300w, https://www.aulablog.com/blog/encuentro11/files/2015/05/ZONAOFF-400x284.jpg 400w" sizes="(max-width: 800px) 100vw, 800px" /></p>
<p>[/et_pb_text][/et_pb_column][et_pb_column type=»2_3&#8243;][et_pb_text admin_label=»Texto» background_layout=»light» text_orientation=»left»]</p>
<p style="text-align: justify;">En este espacio tendrás que dejar a un lado todos tus cachivaches tecnológicos: ¡es un espacio libre de tecnología! así que fuera móviles, tabletas y ordenadores y prepárate para trabajar libre de distracciones</p>
<p>¿Aceptas el reto?</p>
<p>&nbsp;</p>
<p>&nbsp;</p>
<p>[/et_pb_text][/et_pb_column][/et_pb_row][/et_pb_section][et_pb_section admin_label=»section» fullwidth=»on» specialty=»off» transparent_background=»off» background_color=»#1e73be» allow_player_pause=»off» inner_shadow=»off» parallax=»off» parallax_method=»off»][et_pb_fullwidth_header admin_label=»Título de anchura completa» title=»TALLERES: ZONA OFF» subhead=»Área sin tecnología» background_layout=»dark» text_orientation=»center»] [/et_pb_fullwidth_header][/et_pb_section][et_pb_section admin_label=»section» fullwidth=»off» specialty=»off» transparent_background=»off» background_color=»#ffffff» allow_player_pause=»off» inner_shadow=»off» parallax=»off» parallax_method=»off» disabled_on=»off|off|off» disabled=»off» padding_mobile=»off» make_fullwidth=»off» use_custom_width=»off» width_unit=»on» make_equal=»off» use_custom_gutter=»off»][et_pb_row admin_label=»row»][et_pb_column type=»1_4&#8243;][et_pb_blurb admin_label=»Anuncio» title=»Arte y Matemáticas con Papiroflexía » url_new_window=»off» use_icon=»on» font_icon=»» icon_color=»#ffffff» use_circle=»on» circle_color=»#e09900&#8243; use_circle_border=»on» circle_border_color=»#ffffff» icon_placement=»top» animation=»top» background_layout=»light» text_orientation=»left» use_icon_font_size=»off» use_border_color=»off» border_color=»#ffffff» border_style=»solid»] <div class='et-learn-more et-open clearfix'>
					<h3 class='heading-more open'>Descripción<span class='et_learnmore_arrow'><span></span></span></h3>
					<div class='learn-more-content'><span style="color: #3366ff;"><strong>Viernes 8 de julio de 18:00 a 20:00</strong></span></p>
<p>&nbsp;</p>
<p id="yui_3_7_3_2_1463511674149_411">Este taller nos mostrará cómo llevar a nuestro alumnado a las Matemáticas de forma atractiva utilizando la papiroflexia por su riqueza cultural y su gran valor pedagógico.</p>
<p>Desarrollaremos una metodología divertida que favorezca la capacidad de concentración e imaginación con fines pedagógicos para estudiar e ilustrar la geometría elemental plana, polígonos y poliedros.</p>
<p><a href='#' class='small-button smallblue'>Bernabé Martín</a></div>
				</div> [/et_pb_blurb][/et_pb_column][et_pb_column type=»1_4&#8243;][et_pb_blurb admin_label=»Anuncio» title=»Repensar los espacios de aprendizaje» url_new_window=»off» use_icon=»on» font_icon=»» icon_color=»#ffffff» use_circle=»on» circle_color=»#e09900&#8243; use_circle_border=»on» circle_border_color=»#ffffff» icon_placement=»top» animation=»top» background_layout=»light» text_orientation=»left» use_icon_font_size=»off» use_border_color=»off» border_color=»#ffffff» border_style=»solid»] <div class='et-learn-more et-open clearfix'>
					<h3 class='heading-more open'>Descripción<span class='et_learnmore_arrow'><span></span></span></h3>
					<div class='learn-more-content'><span style="color: #3366ff;"><strong>Sábado 9 de julio de 9:30 a 11:30</strong></span></p>
<p>&nbsp;</p>
<p>&nbsp;</p>
<p>&nbsp;</p>
<p>&nbsp;</p>
<p>Se hará una reflexión previa sobre el uso de los espacios para el aprendizaje y los cambios que surgen de la necesidad de las diferentes metodologías que se desarrollan en nuestro ámbito. Una vez realizada la reflexión grupal, se desarrollarán diferentes ideas partiendo de proyectos reales desarrollados en centros educativos. Se recomendará donde buscar la información, ideas, saber qué materiales son los más adecuados sin necesitar realizar muchas inversiones.
Se propotipará un aula con diferentes elementos asequibles in situ para ver el proceso de cambio de un espacio.</p>
<p>Este taller está abierto a todos los asistentes al encuentro, no necesitando ningún requisito previo.</p>
<p>Venid con ganas de compartir conocimientos, de conocer otras experiencias educativas y de pensar entre todos qué ideas se pueden llevar a cabo en el aula con materiales cercanos y asequibles.</p>
<p><a href='#' class='small-button smallblue'>Ana Villardón y Raquel Corchero</a></div>
				</div> [/et_pb_blurb][/et_pb_column][et_pb_column type=»1_4&#8243;][et_pb_blurb admin_label=»Anuncio» title=»Claustros coopeativos» url_new_window=»off» use_icon=»on» font_icon=»%%151%%» icon_color=»#ffffff» use_circle=»on» circle_color=»#e09900&#8243; use_circle_border=»on» circle_border_color=»#ffffff» icon_placement=»top» animation=»top» background_layout=»light» text_orientation=»left» use_icon_font_size=»off» use_border_color=»off» border_color=»#ffffff» border_style=»solid»] <div class='et-learn-more et-open clearfix'>
					<h3 class='heading-more open'>Descripción<span class='et_learnmore_arrow'><span></span></span></h3>
					<div class='learn-more-content'><span style="color: #3366ff;"><strong>Sábado 9 de julio de 12:00 a 14:00</strong></span></p>
<p>&nbsp;</p>
<p>Mediante este taller se pretenden compartir algunas técnicas de aprendizaje cooperativo entre docentes para hacer sesiones de trabajo más operativas, participativas y satisfactorias dentro de los equipos docentes de los centros. Veremos algunas dinámicas para agilizar reuniones de trabajo, focalizar los objetivos de nuestra organización o centro educativo, poder hacer participar más a todos los miembros de la comunidad educativa, etc.</p>
<p>Aprenderemos y compartiremos técnicas de creatividad y desarrollo de ideas, análisis de situaciones o problemas y posibles soluciones, herramientas para intervenir en grupos, estructuras cooperativas de trabajo docente.</p>
<p>Este taller está abierto a todos los asistentes al encuentro, no necesitando ningún requisito previo.</p>
<p>Hay que venir con ganas de aprender, compartir y disfrutar.</p>
<p><a href='#' class='small-button smallblue'>Javier Monteagudo</a></div>
				</div> [/et_pb_blurb][/et_pb_column][et_pb_column type=»1_4&#8243;][et_pb_blurb admin_label=»Anuncio» title=»Taller de voz» url_new_window=»off» use_icon=»on» font_icon=»%%49%%» icon_color=»#ffffff» use_circle=»on» circle_color=»#e09900&#8243; use_circle_border=»on» circle_border_color=»#ffffff» icon_placement=»top» animation=»top» background_layout=»light» text_orientation=»left» use_icon_font_size=»off» use_border_color=»off» border_color=»#ffffff» border_style=»solid»]</p>
<div class='et-learn-more et-open clearfix'>
					<h3 class='heading-more open'>Descripción<span class='et_learnmore_arrow'><span></span></span></h3>
					<div class='learn-more-content'><span style="color: #3366ff;"><strong>Sábado 9 de julio de 16:30 a 18:30</strong></span></p>
<p>&nbsp;</p>
<p>&nbsp;</p>
<p>&nbsp;</p>
<p>&nbsp;</p>
<p>¿Sabes cómo pasar un día sin que termines sin voz? Qué te parece si le dedicas unos minutos a tu voz, la cuidas y la preparas para afrontar situaciones complicadas acústicamente, como el patio de tu centro, el gimnasio, los grandes espacios en general o tu misma clase.</p>
<p>No compitas en intensidad sonora, cambia de hábitos, tómatelo con clama y regula tu intensidad. Sé consciente de las dificultades, conoce qué recursos vocálicos tienes, cuáles son tus puntos fuertes, apóyate en ellos.</p>
<p>En este taller aprenderemos a respirar de manera eficaz  y a controlar la emisión del sonido para producir la voz apoyándonos en las cavidades de resonancia.</p>
<p>&nbsp;</p>
<p><a href="https://www.aulablog.com/blog/encuentro11/taller-de-voz/" target="_blank">Recursos del taller</a></p>
<p>&nbsp;</p>
<p>&nbsp;</p>
<p><a href='#' class='small-button smallblue'>Isidro Vidal</a></div>
				</div>
<p>[/et_pb_blurb][/et_pb_column][/et_pb_row][/et_pb_section]</p>

<p>En este espacio tendrás que dejar a un lado todos tus cachivaches tecnológicos: ¡es un espacio libre de tecnología! así que fuera móviles, tabletas y ordenadores y prepárate para trabajar libre de distracciones ¿Aceptas el reto? &nbsp; &nbsp; <div class='et-learn-more et-open clearfix'>
					<h3 class='heading-more open'>Descripción<span class='et_learnmore_arrow'><span></span></span></h3>
					<div class='learn-more-content'></div>
				</div>Viernes 8 de julio de 18:00 a 20:00 &nbsp; Este taller nos mostrará cómo llevar a [&hellip;]</p>
