{"id":304,"date":"2015-05-18T10:26:53","date_gmt":"2015-05-18T10:26:53","guid":{"rendered":"http:\/\/www.aulablog.com\/blog\/encuentro13\/?page_id=304"},"modified":"2018-05-20T15:39:36","modified_gmt":"2018-05-20T15:39:36","slug":"espacio-off","status":"publish","type":"page","link":"https:\/\/www.aulablog.com\/blog\/encuentro13\/espacio-off\/","title":{"rendered":"Espacio OFF"},"content":{"rendered":"<p>[et_pb_section bb_built=\u00bb1&#8243; admin_label=\u00bbsection\u00bb next_background_color=\u00bb#1e73be\u00bb][et_pb_row admin_label=\u00bbrow\u00bb background_position=\u00bbtop_left\u00bb background_repeat=\u00bbrepeat\u00bb background_size=\u00bbinitial\u00bb][et_pb_column type=\u00bb1_3&#8243;][et_pb_text background_layout=\u00bblight\u00bb text_orientation=\u00bbleft\u00bb background_position=\u00bbtop_left\u00bb background_repeat=\u00bbrepeat\u00bb background_size=\u00bbinitial\u00bb]<\/p>\n<p><img loading=\"lazy\" decoding=\"async\" class=\" wp-image-298 size-full aligncenter\" src=\"https:\/\/www.aulablog.com\/blog\/encuentro13\/files\/2015\/05\/ZONAOFF.jpg\" alt=\"ZONAOFF\" width=\"800\" height=\"566\" srcset=\"https:\/\/www.aulablog.com\/blog\/encuentro13\/files\/2015\/05\/ZONAOFF.jpg 800w, https:\/\/www.aulablog.com\/blog\/encuentro13\/files\/2015\/05\/ZONAOFF-300x212.jpg 300w, https:\/\/www.aulablog.com\/blog\/encuentro13\/files\/2015\/05\/ZONAOFF-400x284.jpg 400w\" sizes=\"(max-width: 800px) 100vw, 800px\" \/><\/p>\n<p>[\/et_pb_text][\/et_pb_column][et_pb_column type=\u00bb2_3&#8243;][et_pb_text background_layout=\u00bblight\u00bb text_orientation=\u00bbleft\u00bb background_position=\u00bbtop_left\u00bb background_repeat=\u00bbrepeat\u00bb background_size=\u00bbinitial\u00bb]<\/p>\n<p style=\"text-align: justify;\">En este espacio tendr\u00e1s que dejar a un lado todos tus cachivaches tecnol\u00f3gicos: \u00a1es un espacio libre de tecnolog\u00eda! as\u00ed que fuera m\u00f3viles, tabletas y ordenadores y prep\u00e1rate\u00a0para trabajar libre de distracciones<\/p>\n<p>\u00bfAceptas el reto?<\/p>\n<p>&nbsp;<\/p>\n<p>&nbsp;<\/p>\n<p>[\/et_pb_text][\/et_pb_column][\/et_pb_row][\/et_pb_section][et_pb_section bb_built=\u00bb1&#8243; admin_label=\u00bbsection\u00bb fullwidth=\u00bbon\u00bb specialty=\u00bboff\u00bb transparent_background=\u00bboff\u00bb background_color=\u00bb#1e73be\u00bb allow_player_pause=\u00bboff\u00bb inner_shadow=\u00bboff\u00bb parallax=\u00bboff\u00bb parallax_method=\u00bboff\u00bb prev_background_color=\u00bb#ffffff\u00bb next_background_color=\u00bb#ffffff\u00bb][et_pb_fullwidth_header title=\u00bbTALLERES: ZONA OFF\u00bb subhead=\u00bb\u00c1rea sin tecnolog\u00eda\u00bb background_layout=\u00bbdark\u00bb text_orientation=\u00bbcenter\u00bb content_max_width=\u00bb100%\u00bb background_color=\u00bbrgba(255, 255, 255, 0)\u00bb \/][\/et_pb_section][et_pb_section bb_built=\u00bb1&#8243; admin_label=\u00bbsection\u00bb fullwidth=\u00bboff\u00bb specialty=\u00bboff\u00bb transparent_background=\u00bboff\u00bb background_color=\u00bb#ffffff\u00bb allow_player_pause=\u00bboff\u00bb inner_shadow=\u00bboff\u00bb parallax=\u00bboff\u00bb parallax_method=\u00bboff\u00bb prev_background_color=\u00bb#1e73be\u00bb][et_pb_row admin_label=\u00bbrow\u00bb background_position=\u00bbtop_left\u00bb background_repeat=\u00bbrepeat\u00bb background_size=\u00bbinitial\u00bb][et_pb_column type=\u00bb1_4&#8243;][et_pb_blurb use_icon=\u00bbon\u00bb font_icon=\u00bb%%45%%\u00bb icon_color=\u00bb#ffffff\u00bb use_circle=\u00bbon\u00bb circle_color=\u00bb#81d742&#8243; use_circle_border=\u00bbon\u00bb circle_border_color=\u00bb#ffffff\u00bb use_border_color=\u00bboff\u00bb background_position=\u00bbtop_left\u00bb background_repeat=\u00bbrepeat\u00bb background_size=\u00bbinitial\u00bb _builder_version=\u00bb3.2.2&#8243; max_width_tablet=\u00bb50px\u00bb title=\u00bbClaustros inteligentes\u00bb]<\/p>\n<p><span style=\"font-weight: 400;\"><div class='et-learn-more et-open clearfix'>\n\t\t\t\t\t<h3 class='heading-more open'>Descripci\u00f3n<span class='et_learnmore_arrow'><span><\/span><\/span><\/h3>\n\t\t\t\t\t<div class='learn-more-content'><\/span><\/p>\n<p><span style=\"font-weight: 400;\">Mediante este taller se pretenden compartir protocolos, \u00a0din\u00e1micas y estrategias \u00fatiles a la hora de conseguir sesiones de trabajo m\u00e1s operativas, participativas y satisfactorias dentro de los equipos docentes de los centros.<\/span><\/p>\n<p><span style=\"font-weight: 400;\">Veremos algunas din\u00e1micas para agilizar estas reuniones de trabajo, focalizar los objetivos de nuestra organizaci\u00f3n o centro educativo, poder hacer participar m\u00e1s a todos los miembros de la comunidad educativa, etc.<\/span><\/p>\n<p><span style=\"font-weight: 400;\">Aprenderemos y compartiremos t\u00e9cnicas de creatividad y desarrollo de ideas, an\u00e1lisis de situaciones o problemas y posibles soluciones, herramientas para intervenir en grupos y estructuras cooperativas de trabajo docente.<\/span><\/p>\n<p><span style=\"font-weight: 400;\"><a href='#' class='small-button smallblue'>Horario: s\u00e1bado d\u00eda 7 de 12:00 a 14:00<\/a><\/span><\/p>\n<p><span style=\"font-weight: 400;\"><\/div>\n\t\t\t\t<\/div><div class='et-learn-more clearfix'>\n\t\t\t\t\t<h3 class='heading-more'>Material necesario<span class='et_learnmore_arrow'><span><\/span><\/span><\/h3>\n\t\t\t\t\t<div class='learn-more-content'><\/span><\/p>\n<p><span style=\"font-weight: 400;\">Este taller est\u00e1 abierto a todos los asistentes al encuentro, no necesitando ning\u00fan requisito previo.<\/span><\/p>\n<p><span style=\"font-weight: 400;\">Hay que venir con ganas de aprender, compartir y disfrutar.<\/span><\/p>\n<p><span style=\"font-weight: 400;\"><\/div>\n\t\t\t\t<\/div><a href='#' class='small-button smallgreen'>Javier Monteagudo &amp; Charo Fern\u00e1ndez<\/a><\/span><\/p>\n<p>[\/et_pb_blurb][\/et_pb_column][et_pb_column type=\u00bb1_4&#8243;][et_pb_blurb use_icon=\u00bbon\u00bb font_icon=\u00bb%%132%%\u00bb icon_color=\u00bb#ffffff\u00bb use_circle=\u00bbon\u00bb circle_color=\u00bb#81d742&#8243; use_circle_border=\u00bbon\u00bb circle_border_color=\u00bb#ffffff\u00bb use_border_color=\u00bboff\u00bb background_position=\u00bbtop_left\u00bb background_repeat=\u00bbrepeat\u00bb background_size=\u00bbinitial\u00bb _builder_version=\u00bb3.2.2&#8243; max_width_tablet=\u00bb50px\u00bb title=\u00bbRadio en la escuela\u00bb]<\/p>\n<p><span style=\"font-weight: 400;\"><div class='et-learn-more et-open clearfix'>\n\t\t\t\t\t<h3 class='heading-more open'>Descripci\u00f3n<span class='et_learnmore_arrow'><span><\/span><\/span><\/h3>\n\t\t\t\t\t<div class='learn-more-content'><\/span><\/p>\n<p><span style=\"font-weight: 400;\">Los medios t\u00e9cnicos actuales facilitan la creaci\u00f3n de archivos de audio y su publicaci\u00f3n en la web. Esta situaci\u00f3n ayuda a \u00a0plantearse un proyecto relacionado con la radio.<\/span><\/p>\n<p><span style=\"font-weight: 400;\">Pero \u00bfqu\u00e9 competencias trabajaremos con los alumnos?, \u00bfes un proyecto en si misma, o el resultado digital de otro proyecto?<\/span><\/p>\n<p><span style=\"font-weight: 400;\">Y t\u00e9cnicamente \u00bfes complejo montar una?\u00bfen qu\u00e9 debo poner la atenci\u00f3n?<\/span><\/p>\n<p><span style=\"font-weight: 400;\">Durante el taller intentaremos contestarnos a estas dudas y otras muchas que senos plantear\u00e1n<\/span><\/p>\n<p><span style=\"font-weight: 400;\">M\u00e1s informaci\u00f3n del taller: <\/span><span style=\"font-weight: 400;\"><strong>Gu\u00eda c\u00f3mo hacer una radio<\/strong> (<\/span><a href=\"http:\/\/laaventuradeaprender.educalab.es\/guias\/como-hacer-una-radio\"><span style=\"font-weight: 400;\">http:\/\/laaventuradeaprender.educalab.es\/guias\/como-hacer-una-radio<\/span><\/a><span style=\"font-weight: 400;\">)<\/span><\/p>\n<a href='#' class='small-button smallblue'>Horario: s\u00e1bado d\u00eda 7 de 12:00 a 14:00<\/a>\n<p><span style=\"font-weight: 400;\"><\/div>\n\t\t\t\t<\/div><div class='et-learn-more clearfix'>\n\t\t\t\t\t<h3 class='heading-more'>Material necesario<span class='et_learnmore_arrow'><span><\/span><\/span><\/h3>\n\t\t\t\t\t<div class='learn-more-content'><\/span><\/p>\n<p>&nbsp;<\/p>\n<p><span style=\"font-weight: 400;\"><\/div>\n\t\t\t\t<\/div><a href='#' class='small-button smallgreen'>Jos\u00e9 Miguel Sancho<\/a><\/span><\/p>\n<p>&nbsp;<\/p>\n<p>&nbsp;<\/p>\n<p>&nbsp;<\/p>\n<p>[\/et_pb_blurb][\/et_pb_column][et_pb_column type=\u00bb1_4&#8243;][et_pb_blurb use_icon=\u00bbon\u00bb font_icon=\u00bb\ue603\u00bb icon_color=\u00bb#ffffff\u00bb use_circle=\u00bbon\u00bb circle_color=\u00bb#81d742&#8243; use_circle_border=\u00bbon\u00bb circle_border_color=\u00bb#ffffff\u00bb use_border_color=\u00bboff\u00bb background_position=\u00bbtop_left\u00bb background_repeat=\u00bbrepeat\u00bb background_size=\u00bbinitial\u00bb _builder_version=\u00bb3.2.2&#8243; max_width_tablet=\u00bb50px\u00bb title=\u00bbPaisajes de aprendizaje: una pedagog\u00eda para el siglo XXI\u00bb]<\/p>\n<p><span style=\"font-weight: 400;\"><div class='et-learn-more et-open clearfix'>\n\t\t\t\t\t<h3 class='heading-more open'>Descripci\u00f3n<span class='et_learnmore_arrow'><span><\/span><\/span><\/h3>\n\t\t\t\t\t<div class='learn-more-content'><\/span><\/p>\n<p><span style=\"font-weight: 400;\">\u00bfC\u00f3mo incluir las necesidades de aprendizaje de todos los alumnos en el mismo aula? \u00bfC\u00f3mo crear itinerarios de actividades para distintos alumnos al tiempo que trabajamos en grupo? \u00bfC\u00f3mo promover el uso de otros espacios como lugares de trabajo? \u00bfc\u00f3mo cambiar la historia y hacer del curr\u00edculo una aventura? Los paisajes de aprendizaje dibujan una nueva pedagog\u00eda para el siglo XXI con gran versatilidad y mucho potencial por descubrir y seguir construyendo juntos en la pr\u00e1ctica.<\/span><\/p>\n<p><span style=\"font-weight: 400;\">M\u00e1s informaci\u00f3n del taller:\u00a0<\/span><\/p>\n<ul>\n<li><a href=\"https:\/\/www.paisajesdeaprendizaje.es\/\"><span style=\"font-weight: 400;\">https:\/\/www.paisajesdeaprendizaje.es<\/span><\/a><\/li>\n<li><a href=\"http:\/\/bit.ly\/viaje-escuela-siglo21\">http:\/\/bit.ly\/viaje-escuela-siglo21<\/a><\/li>\n<\/ul>\n<p><span style=\"font-weight: 400;\"><a href='#' class='small-button smallblue'>Horario: s\u00e1bado d\u00eda 7 de 16:30 a 18:30<\/a><\/span><\/p>\n<p><span style=\"font-weight: 400;\"><\/div>\n\t\t\t\t<\/div><div class='et-learn-more clearfix'>\n\t\t\t\t\t<h3 class='heading-more'>Material necesario<span class='et_learnmore_arrow'><span><\/span><\/span><\/h3>\n\t\t\t\t\t<div class='learn-more-content'><\/span><\/p>\n<p><span style=\"font-weight: 400;\">Un dispositivo digital, tablet, m\u00f3vil, ordenador&#8230;<\/span><\/p>\n<p><span style=\"font-weight: 400;\"><\/div>\n\t\t\t\t<\/div><a href='#' class='small-button smallgreen'>Alfredo Hernando<\/a><\/span><\/p>\n<p>&nbsp;<\/p>\n<p>&nbsp;<\/p>\n<p>&nbsp;<\/p>\n<p>[\/et_pb_blurb][\/et_pb_column][et_pb_column type=\u00bb1_4&#8243;][et_pb_blurb use_icon=\u00bbon\u00bb font_icon=\u00bb%%73%%\u00bb icon_color=\u00bb#ffffff\u00bb use_circle=\u00bbon\u00bb circle_color=\u00bb#81d742&#8243; use_circle_border=\u00bbon\u00bb circle_border_color=\u00bb#ffffff\u00bb use_border_color=\u00bboff\u00bb background_position=\u00bbtop_left\u00bb background_repeat=\u00bbrepeat\u00bb background_size=\u00bbinitial\u00bb _builder_version=\u00bb3.2.2&#8243; max_width_tablet=\u00bb50px\u00bb title=\u00bbTrazos creativos: caligraf\u00eda moderna y Zentangle\u00bb]<\/p>\n<p><span style=\"font-weight: 400;\"><div class='et-learn-more et-open clearfix'>\n\t\t\t\t\t<h3 class='heading-more open'>Descripci\u00f3n<span class='et_learnmore_arrow'><span><\/span><\/span><\/h3>\n\t\t\t\t\t<div class='learn-more-content'><\/span><\/p>\n<p>La caligraf\u00eda moderna\u00a0 y el Zentangle son dos maneras de trabajar nuestra creatividad mediante el dibujo. Adem\u00e1s su pr\u00e1ctica ayuda a relajarse, meditar y, por supuesto el resultado puede ser muy bonito.<\/p>\n<p>En este taller veremos los principios b\u00e1sicos del Zentangle\u00a0 y de la caligraf\u00eda moderna y te daremos pistas para que sepas como empezar a ser un artista en estas dos disciplinas.<\/p>\n<p><span style=\"font-weight: 400;\"><a href='#' class='small-button smallblue'>Horario: s\u00e1bado d\u00eda 7 de 16:30 a 18:30<\/a><\/span><\/p>\n<p><span style=\"font-weight: 400;\"><\/div>\n\t\t\t\t<\/div><div class='et-learn-more clearfix'>\n\t\t\t\t\t<h3 class='heading-more'>Material necesario<span class='et_learnmore_arrow'><span><\/span><\/span><\/h3>\n\t\t\t\t\t<div class='learn-more-content'><\/span><\/p>\n<p>&nbsp;<\/p>\n<p><span style=\"font-weight: 400;\"><\/div>\n\t\t\t\t<\/div><a href='#' class='small-button smallgreen'>Charo Fern\u00e1ndez &amp; Javier Monteagudo<\/a><\/span><\/p>\n<p>&nbsp;<\/p>\n<p>&nbsp;<\/p>\n<p>&nbsp;<\/p>\n<p>[\/et_pb_blurb][\/et_pb_column][\/et_pb_row][\/et_pb_section]<\/p>\n","protected":false},"excerpt":{"rendered":"<p>En este espacio tendr\u00e1s que dejar a un lado todos tus cachivaches tecnol\u00f3gicos: \u00a1es un espacio libre de tecnolog\u00eda! as\u00ed que fuera m\u00f3viles, tabletas y ordenadores y prep\u00e1rate\u00a0para trabajar libre de distracciones \u00bfAceptas el reto? &nbsp; &nbsp; <div class='et-learn-more et-open clearfix'>\n\t\t\t\t\t<h3 class='heading-more open'>Descripci\u00f3n<span class='et_learnmore_arrow'><span><\/span><\/span><\/h3>\n\t\t\t\t\t<div class='learn-more-content'><\/div>\n\t\t\t\t<\/div> Mediante este taller se pretenden compartir protocolos, \u00a0din\u00e1micas y estrategias \u00fatiles a la hora de [&hellip;]<\/p>\n","protected":false},"author":23,"featured_media":0,"parent":0,"menu_order":0,"comment_status":"open","ping_status":"open","template":"","meta":{"_et_pb_use_builder":"on","_et_pb_old_content":"","_et_gb_content_width":"","footnotes":""},"class_list":["post-304","page","type-page","status-publish","hentry"],"_links":{"self":[{"href":"https:\/\/www.aulablog.com\/blog\/encuentro13\/wp-json\/wp\/v2\/pages\/304","targetHints":{"allow":["GET"]}}],"collection":[{"href":"https:\/\/www.aulablog.com\/blog\/encuentro13\/wp-json\/wp\/v2\/pages"}],"about":[{"href":"https:\/\/www.aulablog.com\/blog\/encuentro13\/wp-json\/wp\/v2\/types\/page"}],"author":[{"embeddable":true,"href":"https:\/\/www.aulablog.com\/blog\/encuentro13\/wp-json\/wp\/v2\/users\/23"}],"replies":[{"embeddable":true,"href":"https:\/\/www.aulablog.com\/blog\/encuentro13\/wp-json\/wp\/v2\/comments?post=304"}],"version-history":[{"count":23,"href":"https:\/\/www.aulablog.com\/blog\/encuentro13\/wp-json\/wp\/v2\/pages\/304\/revisions"}],"predecessor-version":[{"id":925,"href":"https:\/\/www.aulablog.com\/blog\/encuentro13\/wp-json\/wp\/v2\/pages\/304\/revisions\/925"}],"wp:attachment":[{"href":"https:\/\/www.aulablog.com\/blog\/encuentro13\/wp-json\/wp\/v2\/media?parent=304"}],"curies":[{"name":"wp","href":"https:\/\/api.w.org\/{rel}","templated":true}]}}