{"id":1506,"date":"2022-05-26T09:50:49","date_gmt":"2022-05-26T09:50:49","guid":{"rendered":"https:\/\/www.aulablog.com\/blog\/encuentro2022\/?page_id=1506"},"modified":"2023-06-28T09:45:54","modified_gmt":"2023-06-28T09:45:54","slug":"ponentes","status":"publish","type":"page","link":"https:\/\/www.aulablog.com\/blog\/encuentro2023\/ponentes\/","title":{"rendered":"Ponentes"},"content":{"rendered":"<p>[et_pb_section fb_built=\u00bb1&#8243; _builder_version=\u00bb4.17.4&#8243; _module_preset=\u00bbdefault\u00bb global_colors_info=\u00bb{}\u00bb][et_pb_row _builder_version=\u00bb4.17.4&#8243; _module_preset=\u00bbdefault\u00bb global_colors_info=\u00bb{}\u00bb][et_pb_column type=\u00bb4_4&#8243; _builder_version=\u00bb4.17.4&#8243; _module_preset=\u00bbdefault\u00bb global_colors_info=\u00bb{}\u00bb][et_pb_testimonial _builder_version=\u00bb4.21.0&#8243; _module_preset=\u00bbdefault\u00bb global_colors_info=\u00bb{}\u00bb]<\/p>\n<div class=\"et_pb_testimonial_description_inner\">\n<p><img loading=\"lazy\" decoding=\"async\" src=\"https:\/\/www.aulablog.com\/blog\/encuentro2023\/files\/2023\/05\/Juan_Jose_Reina-210x300.jpg\" width=\"210\" height=\"300\" alt=\"\" class=\"wp-image-1673 alignnone size-medium\" \/><\/p>\n<h1>Juan Jos\u00e9 Reina L\u00f3pez<\/h1>\n<h3><span style=\"font-weight: 400;\">Maestro. Pedagogo. Inspector de Educaci\u00f3n. Evaluador EFQM+500. Formador.<\/span><\/h3>\n<div class=\"et_pb_testimonial_content\">\n<h4><strong>Ponencia: De la LOMLOE al aula. Perfil de salida del alumnado, programaci\u00f3n docente y evaluaci\u00f3n competencial.<\/strong><\/h4>\n<p><span style=\"font-weight: 400;\"><\/span><\/p>\n<p><span style=\"font-weight: 400;\">Tres ejes fundamentales configuran las novedades del modelo curricular LOMLOE:<\/span><\/p>\n<ul>\n<li><span style=\"font-weight: 400;\">PRIMER EJE: <\/span><span style=\"font-weight: 400;\">Por un lado, la influencia y alineamiento con las recomendaciones e informes sobre pol\u00edticas educativas internacionales, por tanto, supranacionales (ONU, UNESCO, Parlamento Europeo) y por otro con los marcos de referencia curriculares europeos sobre cuatro competencias clave y el \u00fanico marco de referencia espa\u00f1ol, el de la competencia digital.<\/span><\/li>\n<li><span style=\"font-weight: 400;\">SEGUNDO EJE.: <\/span><span style=\"font-weight: 400;\">El papel del perfil de salida del alumnado de la ense\u00f1anza b\u00e1sica obligatoria, piedra angular y columna vertebral del curr\u00edculo LOMLOE.<\/span><\/li>\n<li><span style=\"font-weight: 400;\">TERCER EJE:\u00a0<\/span><span style=\"font-weight: 400;\">La implementaci\u00f3n de todo ello en las aulas, espacio donde se gestiona la <\/span>verdadera calidad, equidad e inclusi\u00f3n de la educaci\u00f3n.<\/li>\n<\/ul>\n<div>\n<p><span style=\"color: #0000ff;\">Viernes 7 de julio 16:30<\/span><\/p>\n<\/div>\n<\/div>\n<\/div>\n<p>[\/et_pb_testimonial][et_pb_testimonial _builder_version=\u00bb4.21.0&#8243; _module_preset=\u00bbdefault\u00bb hover_enabled=\u00bb0&#8243; global_colors_info=\u00bb{}\u00bb sticky_enabled=\u00bb0&#8243;]<\/p>\n<div class=\"et_pb_testimonial_description_inner\">\n<div class=\"et_pb_testimonial_content\">\n<h2><img loading=\"lazy\" decoding=\"async\" src=\"https:\/\/www.aulablog.com\/blog\/encuentro2023\/files\/2023\/06\/Rosa-169x300.jpg\" width=\"169\" height=\"300\" alt=\"\" class=\"wp-image-1706 alignnone size-medium\" \/><\/h2>\n<h1>Rosa Gibert Moliner<\/h1>\n<div>\n<h3><span style=\"font-weight: 400;\">Maestra militante en los Movimientos de Renovaci\u00f3n Pedag\u00f3gica y actualmente maestra de Educaci\u00f3n infantil en la Escuela Aneja (Fray Juan de la Cruz) de Segovia.<\/span><\/h3>\n<\/div>\n<h4><strong>Ponencia: Naturalmente. <\/strong><span><strong>Algunas reflexiones sobre el aprendizaje desde la renovaci\u00f3n pedag\u00f3gica<\/strong>.<\/span><\/h4>\n<p><span style=\"font-weight: 400;\">Visi\u00f3n de una maestra del desarrollo de la autonom\u00eda, la libertad y el compromiso social como elementos indispensables para una buena educaci\u00f3n.<\/span><\/p>\n<div><span style=\"color: #0000ff;\">Domingo 9 de julio 12:30<\/span><\/div>\n<\/div>\n<\/div>\n<p>[\/et_pb_testimonial][\/et_pb_column][\/et_pb_row][\/et_pb_section]<\/p>\n","protected":false},"excerpt":{"rendered":"<p>Juan Jos\u00e9 Reina L\u00f3pez Maestro. Pedagogo. Inspector de Educaci\u00f3n. Evaluador EFQM+500. Formador. Ponencia: De la LOMLOE al aula. Perfil de salida del alumnado, programaci\u00f3n docente y evaluaci\u00f3n competencial. Tres ejes fundamentales configuran las novedades del modelo curricular LOMLOE: PRIMER EJE: Por un lado, la influencia y alineamiento con las recomendaciones e informes sobre pol\u00edticas educativas [&hellip;]<\/p>\n","protected":false},"author":5,"featured_media":0,"parent":0,"menu_order":0,"comment_status":"closed","ping_status":"closed","template":"","meta":{"_et_pb_use_builder":"on","_et_pb_old_content":"","_et_gb_content_width":"","footnotes":""},"class_list":["post-1506","page","type-page","status-publish","hentry"],"_links":{"self":[{"href":"https:\/\/www.aulablog.com\/blog\/encuentro2023\/wp-json\/wp\/v2\/pages\/1506","targetHints":{"allow":["GET"]}}],"collection":[{"href":"https:\/\/www.aulablog.com\/blog\/encuentro2023\/wp-json\/wp\/v2\/pages"}],"about":[{"href":"https:\/\/www.aulablog.com\/blog\/encuentro2023\/wp-json\/wp\/v2\/types\/page"}],"author":[{"embeddable":true,"href":"https:\/\/www.aulablog.com\/blog\/encuentro2023\/wp-json\/wp\/v2\/users\/5"}],"replies":[{"embeddable":true,"href":"https:\/\/www.aulablog.com\/blog\/encuentro2023\/wp-json\/wp\/v2\/comments?post=1506"}],"version-history":[{"count":7,"href":"https:\/\/www.aulablog.com\/blog\/encuentro2023\/wp-json\/wp\/v2\/pages\/1506\/revisions"}],"predecessor-version":[{"id":1707,"href":"https:\/\/www.aulablog.com\/blog\/encuentro2023\/wp-json\/wp\/v2\/pages\/1506\/revisions\/1707"}],"wp:attachment":[{"href":"https:\/\/www.aulablog.com\/blog\/encuentro2023\/wp-json\/wp\/v2\/media?parent=1506"}],"curies":[{"name":"wp","href":"https:\/\/api.w.org\/{rel}","templated":true}]}}

<p>[et_pb_section fb_built=»1&#8243; _builder_version=»4.17.4&#8243; _module_preset=»default» global_colors_info=»{}»][et_pb_row _builder_version=»4.17.4&#8243; _module_preset=»default» global_colors_info=»{}»][et_pb_column type=»4_4&#8243; _builder_version=»4.17.4&#8243; _module_preset=»default» global_colors_info=»{}»][et_pb_testimonial _builder_version=»4.21.0&#8243; _module_preset=»default» global_colors_info=»{}»]</p>
<div class="et_pb_testimonial_description_inner">
<p><img loading="lazy" decoding="async" src="https://www.aulablog.com/blog/encuentro2023/files/2023/05/Juan_Jose_Reina-210x300.jpg" width="210" height="300" alt="" class="wp-image-1673 alignnone size-medium" /></p>
<h1>Juan José Reina López</h1>
<h3><span style="font-weight: 400;">Maestro. Pedagogo. Inspector de Educación. Evaluador EFQM+500. Formador.</span></h3>
<div class="et_pb_testimonial_content">
<h4><strong>Ponencia: De la LOMLOE al aula. Perfil de salida del alumnado, programación docente y evaluación competencial.</strong></h4>
<p><span style="font-weight: 400;"></span></p>
<p><span style="font-weight: 400;">Tres ejes fundamentales configuran las novedades del modelo curricular LOMLOE:</span></p>
<ul>
<li><span style="font-weight: 400;">PRIMER EJE: </span><span style="font-weight: 400;">Por un lado, la influencia y alineamiento con las recomendaciones e informes sobre políticas educativas internacionales, por tanto, supranacionales (ONU, UNESCO, Parlamento Europeo) y por otro con los marcos de referencia curriculares europeos sobre cuatro competencias clave y el único marco de referencia español, el de la competencia digital.</span></li>
<li><span style="font-weight: 400;">SEGUNDO EJE.: </span><span style="font-weight: 400;">El papel del perfil de salida del alumnado de la enseñanza básica obligatoria, piedra angular y columna vertebral del currículo LOMLOE.</span></li>
<li><span style="font-weight: 400;">TERCER EJE: </span><span style="font-weight: 400;">La implementación de todo ello en las aulas, espacio donde se gestiona la </span>verdadera calidad, equidad e inclusión de la educación.</li>
</ul>
<div>
<p><span style="color: #0000ff;">Viernes 7 de julio 16:30</span></p>
</div>
</div>
</div>
<p>[/et_pb_testimonial][et_pb_testimonial _builder_version=»4.21.0&#8243; _module_preset=»default» hover_enabled=»0&#8243; global_colors_info=»{}» sticky_enabled=»0&#8243;]</p>
<div class="et_pb_testimonial_description_inner">
<div class="et_pb_testimonial_content">
<h2><img loading="lazy" decoding="async" src="https://www.aulablog.com/blog/encuentro2023/files/2023/06/Rosa-169x300.jpg" width="169" height="300" alt="" class="wp-image-1706 alignnone size-medium" /></h2>
<h1>Rosa Gibert Moliner</h1>
<div>
<h3><span style="font-weight: 400;">Maestra militante en los Movimientos de Renovación Pedagógica y actualmente maestra de Educación infantil en la Escuela Aneja (Fray Juan de la Cruz) de Segovia.</span></h3>
</div>
<h4><strong>Ponencia: Naturalmente. </strong><span><strong>Algunas reflexiones sobre el aprendizaje desde la renovación pedagógica</strong>.</span></h4>
<p><span style="font-weight: 400;">Visión de una maestra del desarrollo de la autonomía, la libertad y el compromiso social como elementos indispensables para una buena educación.</span></p>
<div><span style="color: #0000ff;">Domingo 9 de julio 12:30</span></div>
</div>
</div>
<p>[/et_pb_testimonial][/et_pb_column][/et_pb_row][/et_pb_section]</p>

<p>Juan José Reina López Maestro. Pedagogo. Inspector de Educación. Evaluador EFQM+500. Formador. Ponencia: De la LOMLOE al aula. Perfil de salida del alumnado, programación docente y evaluación competencial. Tres ejes fundamentales configuran las novedades del modelo curricular LOMLOE: PRIMER EJE: Por un lado, la influencia y alineamiento con las recomendaciones e informes sobre políticas educativas [&hellip;]</p>
