{"id":1127,"date":"2019-05-09T08:11:16","date_gmt":"2019-05-09T08:11:16","guid":{"rendered":"http:\/\/www.aulablog.com\/blog\/encuentrovirtual2021\/?page_id=1127"},"modified":"2021-07-02T09:53:27","modified_gmt":"2021-07-02T09:53:27","slug":"itinerario-vintage","status":"publish","type":"page","link":"https:\/\/www.aulablog.com\/blog\/encuentrovirtual2021\/itinerario-vintage\/","title":{"rendered":"Itinerario Vintage"},"content":{"rendered":"<p>[et_pb_section fb_built=\u00bb1&#8243; _builder_version=\u00bb3.22&#8243;][et_pb_row _builder_version=\u00bb3.25&#8243;][et_pb_column type=\u00bb4_4&#8243; _builder_version=\u00bb3.25&#8243; custom_padding=\u00bb|||\u00bb custom_padding__hover=\u00bb|||\u00bb][et_pb_text _builder_version=\u00bb4.9.7&#8243; background_color=\u00bb#0C71C3&#8243;]<\/p>\n<h1 style=\"text-align: center;\"><span style=\"color: #ffcc99;\">Itinerario Vintage &#8211; Encuentro de aulaBLOG 2021 (edici\u00f3n virtual)<\/span><\/h1>\n<p>[\/et_pb_text][\/et_pb_column][\/et_pb_row][et_pb_row _builder_version=\u00bb4.9.7&#8243; _module_preset=\u00bbdefault\u00bb][et_pb_column type=\u00bb4_4&#8243; _builder_version=\u00bb4.9.7&#8243; _module_preset=\u00bbdefault\u00bb][et_pb_text _builder_version=\u00bb4.9.7&#8243; background_color=\u00bb#E09900&#8243;]<\/p>\n<h1 style=\"text-align: left;\"><span style=\"color: #0000ff;\">Viernes 2:\u00a0<\/span><\/h1>\n<h1 style=\"text-align: left;\"><span style=\"color: #0000ff;\">18:15 &#8211; Mesa de experiencias<\/span><\/h1>\n<ul>\n<li><span style=\"font-weight: 400; color: #ccffff;\"><em>Retos transdisciplinares en la asignatura Ling\u00fc\u00edstica Aplicada de Filolog\u00eda Hisp\u00e1nica en la Universidad de Sevilla<\/em>. <strong>Juan Pablo Mora Guti\u00e9rrez<\/strong> (Universidad de Sevilla)<\/span><\/li>\n<li><span style=\"font-weight: 400; color: #ccffff;\"><em>Estudio del impacto pedag\u00f3gico provocado por experiencias de formaci\u00f3n permanente del profesorado basadas en el Proyecto Europeo Aula del Futuro<\/em>. <strong>Alberto Alameda<\/strong> (CRIF Las Acacias &#8211; Madrid)<\/span><\/li>\n<li><span style=\"font-weight: 400; color: #ccffff;\"><em>Docencia Compartida: nuestra experiencia en el curso 20\/21<\/em>. <strong>Jos\u00e9 Ram\u00f3n Gonz\u00e1lez Cort\u00e9s y Carolina<\/strong>\u00a0<strong> Molina Fern\u00e1ndez<\/strong> (IES Albalat &#8211; Navalmoral de la Mata &#8211; Caceres)<\/span><\/li>\n<li><span style=\"font-weight: 400; color: #ccffff;\"><em>Consulta a las sabias<\/em>. <strong>Joaqu\u00edn Jos\u00e9 Mart\u00ednez S\u00e1nchez<\/strong> (IES Itaca &#8211; Tomares &#8211; Sevilla)<\/span><\/li>\n<li><span style=\"font-weight: 400; color: #ccffff;\"><em>Comunicar para aprender.<\/em> <strong>Sara An\u00e9s Sanz<\/strong> (<span data-sheets-value=\"{&quot;1&quot;:2,&quot;2&quot;:&quot;FEC NSCZaragoza&quot;}\" data-sheets-userformat=\"{&quot;2&quot;:513,&quot;3&quot;:{&quot;1&quot;:0},&quot;12&quot;:0}\">FEC NSCZaragoza)<\/span><\/span><\/li>\n<\/ul>\n<p>[\/et_pb_text][et_pb_text _builder_version=\u00bb4.9.7&#8243; background_color=\u00bb#0C71C3&#8243;]<\/p>\n<h1 style=\"text-align: left;\"><span style=\"color: #ffcc99;\">S\u00e1bado 3: Talleres<\/span><\/h1>\n<ul>\n<li><span style=\"color: #ffcc99;\">10:00 &#8211; 11:45\u00a0 &#8211; <strong>Taller conjunto<\/strong>: <strong><em>Observar para mejorar<\/em><\/strong><\/span><\/li>\n<\/ul>\n<p><span style=\"color: #ffcc99;\"><em>En este taller pondremos en pr\u00e1ctica el protocolo de observaci\u00f3n en el aula de la pr\u00e1ctica docente propuesto por Ron Ritchhart. Ron Ritchhart es actualmente investigador principal del Proyecto Cero de Universidad de Harvard. Seg\u00fan su propuesta son ochos las fuerzas que definen una cultura de pensamiento dentro del aula y que ayudan a los profesores a desarrollar comprensiones profundas en sus alumnos.<\/em><\/span><\/p>\n<p><strong><span style=\"color: #ffcc99;\">Impartido por Charo Fern\u00e1ndez @yalocin<\/span><\/strong><\/p>\n<p><span style=\"color: #ffcc99;\"><em><\/em><\/span><\/p>\n<ul>\n<li><span style=\"color: #ffcc99;\">11:45-13:30 &#8211; Talleres en diferentes salas:<\/span>\n<ul>\n<li><span style=\"color: #ffcc99;\">Coeduca en tu aula<\/span><\/li>\n<li><span style=\"color: #ffcc99;\">Construye una alarma de proximidad<\/span><\/li>\n<li><span style=\"color: #ffcc99;\">Proyectos de radio en la escuela<\/span><\/li>\n<li><span style=\"color: #ffcc99;\">Organiza tu trabajo docente con de manera digital<\/span><\/li>\n<\/ul>\n<\/li>\n<\/ul>\n<p>[\/et_pb_text][\/et_pb_column][\/et_pb_row][et_pb_row column_structure=\u00bb1_2,1_2&#8243; _builder_version=\u00bb3.25&#8243;][et_pb_column type=\u00bb1_2&#8243; _builder_version=\u00bb3.25&#8243; custom_padding=\u00bb|||\u00bb custom_padding__hover=\u00bb|||\u00bb][et_pb_blurb title=\u00bbConstruye una alarma de proximidad\u00bb image=\u00bbhttps:\/\/www.aulablog.com\/blog\/encuentrovirtual2021\/files\/2021\/06\/WhatsApp-Image-2021-06-21-at-12.12.56.jpeg\u00bb _builder_version=\u00bb4.9.7&#8243;]<\/p>\n<p>Taller de arduino on line.<br \/>Pasamos de bloques a texto, utilizando Tinkercad, simulador de arduino online, comenzamos a programar con una interfaz gr\u00e1fica (bloques como los de SCRATCH) y acabamos programando con texto mientras construimos una alarma que nos avise si alguien se aproxima por la espalda, utilizando un sensor de ultrasonidos. No hace falta que sepas nada de Arduino, yo te ense\u00f1o.<\/p>\n<p><a href=\"https:\/\/drive.google.com\/uc?id=1vpdKlf085qBgciIwh1NFNGyPxqPSW4fL&amp;export=download\" target=\"_blank\" rel=\"noopener\">M\u00e1s informaci\u00f3n<\/a><\/p>\n<p>Impartido por <span style=\"color: #000080;\"><strong>Josu Garro <\/strong><\/span><\/p>\n<p><span style=\"color: #000080;\"><strong>Twitter: @otxolua<\/strong><\/span><br \/><span style=\"font-weight: 400;\"><\/span><\/p>\n<p>&nbsp;<\/p>\n<p><span style=\"font-weight: 400;\"><\/span><\/p>\n<p>[\/et_pb_blurb][\/et_pb_column][et_pb_column type=\u00bb1_2&#8243; _builder_version=\u00bb3.25&#8243; custom_padding=\u00bb|||\u00bb custom_padding__hover=\u00bb|||\u00bb][et_pb_blurb title=\u00bbCoeduca en tu aula\u00bb image=\u00bbhttps:\/\/www.aulablog.com\/blog\/encuentrovirtual2021\/files\/2021\/06\/coeduca.jpeg\u00bb _builder_version=\u00bb4.9.7&#8243;]<\/p>\n<p class=\"p1\">La educaci\u00f3n para la igualdad aparece, desde hace a\u00f1os, en las leyes y \u00f3rdenes educativas pero, \u00bfc\u00f3mo lo llevamos a la pr\u00e1ctica diaria? En este taller abordaremos la coeducaci\u00f3n como medio de transformaci\u00f3n social desde la educaci\u00f3n formal.<\/p>\n<p class=\"p2\">\u00bfTe animas a cambiar la mirada?<\/p>\n<p><span style=\"font-weight: 400;\">Impartido por <strong><span style=\"color: #333399;\">Laura Labrador de Pablo<\/span><\/strong><\/span><\/p>\n<p><span style=\"font-weight: 400;\"><strong><span color=\"#000080\" style=\"color: #000080;\"> Instagram: @aulaparaelcambio\u00a0<\/span><\/strong><\/span><\/p>\n<p>&nbsp;<\/p>\n<p>[\/et_pb_blurb][\/et_pb_column][\/et_pb_row][et_pb_row column_structure=\u00bb1_2,1_2&#8243; _builder_version=\u00bb3.25&#8243;][et_pb_column type=\u00bb1_2&#8243; _builder_version=\u00bb3.25&#8243; custom_padding=\u00bb|||\u00bb custom_padding__hover=\u00bb|||\u00bb][et_pb_blurb title=\u00bbProyectos de radio en la escuela\u00bb image=\u00bbhttps:\/\/www.aulablog.com\/blog\/encuentrovirtual2021\/files\/2021\/06\/radio.jpeg\u00bb _builder_version=\u00bb4.9.7&#8243;]<\/p>\n<p><span data-sheets-value=\"{&quot;1&quot;:2,&quot;2&quot;:&quot;\u00bfQu\u00e9 ingredientes debe tener una sesi\u00f3n online? \u00bfC\u00f3mo programar una clase online en la que los alumnos aprendan, est\u00e9n enganchados y se les pase tu sesi\u00f3n \\&quot;volando\\&quot;? Descubriremos juntos los ingredientes principales que debe tener una formaci\u00f3n s\u00edncrona y a distancia. \u00a1Todo un reto!&quot;}\" data-sheets-userformat=\"{&quot;2&quot;:513,&quot;3&quot;:{&quot;1&quot;:0},&quot;12&quot;:0}\"><\/span><\/p>\n<p><span style=\"font-size: 14px;\">En este taller veremos c\u00f3mo utilizar la radio escolar, con ejemplos de experiencias y un peque\u00f1o taller de edici\u00f3n de audio donde grabaremos en directo y editaremos con algunas funciones b\u00e1sicas de Audacity. <\/span><\/p>\n<p><span style=\"font-size: 14px;\">Es recomendable que teng\u00e1is este programa instalado por si quer\u00e9is explorarlo mientras hacemos esta parte del taller.<\/span><\/p>\n<p><a href=\"https:\/\/amariaadelacamachomanarel.tumblr.com\/\" target=\"_blank\" rel=\"noopener noreferrer\"><\/a><\/p>\n<p>Impartido por\u00a0<span style=\"color: #000080;\"><strong>Ana Pitarch <\/strong><\/span><\/p>\n<p><span style=\"color: #000080;\"><strong>Twitter: @EducaConMusica<\/strong><\/span><\/p>\n<p>&nbsp;<\/p>\n<p>[\/et_pb_blurb][\/et_pb_column][et_pb_column type=\u00bb1_2&#8243; _builder_version=\u00bb3.25&#8243; custom_padding=\u00bb|||\u00bb custom_padding__hover=\u00bb|||\u00bb][et_pb_blurb title=\u00bbOrganiza tu trabajo docente de manera digital\u00bb image=\u00bbhttps:\/\/www.aulablog.com\/blog\/encuentrovirtual2021\/files\/2021\/06\/notion.png\u00bb _builder_version=\u00bb4.9.7&#8243;]<\/p>\n<p>En este taller aprender\u00e1s a realizar rutinas no lectivas del trabajo docente gracias a herramientas digitales. Estas te permitir\u00e1n organizar la informaci\u00f3n, seleccionarla, relacionarla, crear listas de tareas, manejar bases de datos y gestionar el conocimiento de forma c\u00f3moda y en un mismo espacio.<br \/>Para este taller tendr\u00e1s que abrir una cuenta en la aplicaci\u00f3n <a href=\"https:\/\/www.notion.so\/\" target=\"_blank\" rel=\"noopener\">Notion<\/a> que ser\u00e1 la que utilicemos.<\/p>\n<p><span data-sheets-value=\"{&quot;1&quot;:2,&quot;2&quot;:&quot;V\u00e1lido para todos los cursos y materias. Se har\u00e1n ejemplos online de funcionamiento y se plantear\u00e1 al final la creaci\u00f3n de alg\u00fan producto musical para subir a un padlet con la herramienta que ellos decidan. &quot;}\" data-sheets-userformat=\"{&quot;2&quot;:513,&quot;3&quot;:{&quot;1&quot;:0},&quot;12&quot;:0}\">Necesidades del taller: Tener descargada la app Notion y abrir una cuenta en esta aplicaci\u00f3n.<\/span><\/p>\n<p>Impartido por<span style=\"color: #0000ff;\"><strong> Javier Monteagudo &#8211; Isidro Vidal<\/strong><\/span><\/p>\n<p><span style=\"color: #0000ff;\"><strong><span style=\"color: #000080;\">Twitter: @jmonteo &#8211; @isidro<\/span><\/strong><\/span><\/p>\n<p>&nbsp;<\/p>\n<p>[\/et_pb_blurb][\/et_pb_column][\/et_pb_row][et_pb_row _builder_version=\u00bb3.25&#8243;][et_pb_column type=\u00bb4_4&#8243; _builder_version=\u00bb3.25&#8243; custom_padding=\u00bb|||\u00bb custom_padding__hover=\u00bb|||\u00bb][et_pb_cta button_text=\u00bbClick Here\u00bb _builder_version=\u00bb4.9.7&#8243; background_color=\u00bb#E09900&#8243; min_height=\u00bb49.6px\u00bb custom_padding=\u00bb||13px|||\u00bb]<\/p>\n<h5>Se recomienda disponer de c\u00e1mara web y micr\u00f3fono para poder interactuar en los talleres.<\/h5>\n<p>[\/et_pb_cta][\/et_pb_column][\/et_pb_row][\/et_pb_section]<\/p>\n","protected":false},"excerpt":{"rendered":"<p>Itinerario Vintage &#8211; Encuentro de aulaBLOG 2021 (edici\u00f3n virtual)Viernes 2:\u00a0 18:15 &#8211; Mesa de experiencias Retos transdisciplinares en la asignatura Ling\u00fc\u00edstica Aplicada de Filolog\u00eda Hisp\u00e1nica en la Universidad de Sevilla. Juan Pablo Mora Guti\u00e9rrez (Universidad de Sevilla) Estudio del impacto pedag\u00f3gico provocado por experiencias de formaci\u00f3n permanente del profesorado basadas en el Proyecto Europeo Aula [&hellip;]<\/p>\n","protected":false},"author":5,"featured_media":0,"parent":0,"menu_order":0,"comment_status":"closed","ping_status":"closed","template":"","meta":{"_et_pb_use_builder":"on","_et_pb_old_content":"","_et_gb_content_width":"","footnotes":""},"class_list":["post-1127","page","type-page","status-publish","hentry"],"_links":{"self":[{"href":"https:\/\/www.aulablog.com\/blog\/encuentrovirtual2021\/wp-json\/wp\/v2\/pages\/1127","targetHints":{"allow":["GET"]}}],"collection":[{"href":"https:\/\/www.aulablog.com\/blog\/encuentrovirtual2021\/wp-json\/wp\/v2\/pages"}],"about":[{"href":"https:\/\/www.aulablog.com\/blog\/encuentrovirtual2021\/wp-json\/wp\/v2\/types\/page"}],"author":[{"embeddable":true,"href":"https:\/\/www.aulablog.com\/blog\/encuentrovirtual2021\/wp-json\/wp\/v2\/users\/5"}],"replies":[{"embeddable":true,"href":"https:\/\/www.aulablog.com\/blog\/encuentrovirtual2021\/wp-json\/wp\/v2\/comments?post=1127"}],"version-history":[{"count":10,"href":"https:\/\/www.aulablog.com\/blog\/encuentrovirtual2021\/wp-json\/wp\/v2\/pages\/1127\/revisions"}],"predecessor-version":[{"id":1444,"href":"https:\/\/www.aulablog.com\/blog\/encuentrovirtual2021\/wp-json\/wp\/v2\/pages\/1127\/revisions\/1444"}],"wp:attachment":[{"href":"https:\/\/www.aulablog.com\/blog\/encuentrovirtual2021\/wp-json\/wp\/v2\/media?parent=1127"}],"curies":[{"name":"wp","href":"https:\/\/api.w.org\/{rel}","templated":true}]}}

<p>[et_pb_section fb_built=»1&#8243; _builder_version=»3.22&#8243;][et_pb_row _builder_version=»3.25&#8243;][et_pb_column type=»4_4&#8243; _builder_version=»3.25&#8243; custom_padding=»|||» custom_padding__hover=»|||»][et_pb_text _builder_version=»4.9.7&#8243; background_color=»#0C71C3&#8243;]</p>
<h1 style="text-align: center;"><span style="color: #ffcc99;">Itinerario Vintage &#8211; Encuentro de aulaBLOG 2021 (edición virtual)</span></h1>
<p>[/et_pb_text][/et_pb_column][/et_pb_row][et_pb_row _builder_version=»4.9.7&#8243; _module_preset=»default»][et_pb_column type=»4_4&#8243; _builder_version=»4.9.7&#8243; _module_preset=»default»][et_pb_text _builder_version=»4.9.7&#8243; background_color=»#E09900&#8243;]</p>
<h1 style="text-align: left;"><span style="color: #0000ff;">Viernes 2: </span></h1>
<h1 style="text-align: left;"><span style="color: #0000ff;">18:15 &#8211; Mesa de experiencias</span></h1>
<ul>
<li><span style="font-weight: 400; color: #ccffff;"><em>Retos transdisciplinares en la asignatura Lingüística Aplicada de Filología Hispánica en la Universidad de Sevilla</em>. <strong>Juan Pablo Mora Gutiérrez</strong> (Universidad de Sevilla)</span></li>
<li><span style="font-weight: 400; color: #ccffff;"><em>Estudio del impacto pedagógico provocado por experiencias de formación permanente del profesorado basadas en el Proyecto Europeo Aula del Futuro</em>. <strong>Alberto Alameda</strong> (CRIF Las Acacias &#8211; Madrid)</span></li>
<li><span style="font-weight: 400; color: #ccffff;"><em>Docencia Compartida: nuestra experiencia en el curso 20/21</em>. <strong>José Ramón González Cortés y Carolina</strong> <strong> Molina Fernández</strong> (IES Albalat &#8211; Navalmoral de la Mata &#8211; Caceres)</span></li>
<li><span style="font-weight: 400; color: #ccffff;"><em>Consulta a las sabias</em>. <strong>Joaquín José Martínez Sánchez</strong> (IES Itaca &#8211; Tomares &#8211; Sevilla)</span></li>
<li><span style="font-weight: 400; color: #ccffff;"><em>Comunicar para aprender.</em> <strong>Sara Anés Sanz</strong> (<span data-sheets-value="{&quot;1&quot;:2,&quot;2&quot;:&quot;FEC NSCZaragoza&quot;}" data-sheets-userformat="{&quot;2&quot;:513,&quot;3&quot;:{&quot;1&quot;:0},&quot;12&quot;:0}">FEC NSCZaragoza)</span></span></li>
</ul>
<p>[/et_pb_text][et_pb_text _builder_version=»4.9.7&#8243; background_color=»#0C71C3&#8243;]</p>
<h1 style="text-align: left;"><span style="color: #ffcc99;">Sábado 3: Talleres</span></h1>
<ul>
<li><span style="color: #ffcc99;">10:00 &#8211; 11:45  &#8211; <strong>Taller conjunto</strong>: <strong><em>Observar para mejorar</em></strong></span></li>
</ul>
<p><span style="color: #ffcc99;"><em>En este taller pondremos en práctica el protocolo de observación en el aula de la práctica docente propuesto por Ron Ritchhart. Ron Ritchhart es actualmente investigador principal del Proyecto Cero de Universidad de Harvard. Según su propuesta son ochos las fuerzas que definen una cultura de pensamiento dentro del aula y que ayudan a los profesores a desarrollar comprensiones profundas en sus alumnos.</em></span></p>
<p><strong><span style="color: #ffcc99;">Impartido por Charo Fernández @yalocin</span></strong></p>
<p><span style="color: #ffcc99;"><em></em></span></p>
<ul>
<li><span style="color: #ffcc99;">11:45-13:30 &#8211; Talleres en diferentes salas:</span>
<ul>
<li><span style="color: #ffcc99;">Coeduca en tu aula</span></li>
<li><span style="color: #ffcc99;">Construye una alarma de proximidad</span></li>
<li><span style="color: #ffcc99;">Proyectos de radio en la escuela</span></li>
<li><span style="color: #ffcc99;">Organiza tu trabajo docente con de manera digital</span></li>
</ul>
</li>
</ul>
<p>[/et_pb_text][/et_pb_column][/et_pb_row][et_pb_row column_structure=»1_2,1_2&#8243; _builder_version=»3.25&#8243;][et_pb_column type=»1_2&#8243; _builder_version=»3.25&#8243; custom_padding=»|||» custom_padding__hover=»|||»][et_pb_blurb title=»Construye una alarma de proximidad» image=»https://www.aulablog.com/blog/encuentrovirtual2021/files/2021/06/WhatsApp-Image-2021-06-21-at-12.12.56.jpeg» _builder_version=»4.9.7&#8243;]</p>
<p>Taller de arduino on line.<br />Pasamos de bloques a texto, utilizando Tinkercad, simulador de arduino online, comenzamos a programar con una interfaz gráfica (bloques como los de SCRATCH) y acabamos programando con texto mientras construimos una alarma que nos avise si alguien se aproxima por la espalda, utilizando un sensor de ultrasonidos. No hace falta que sepas nada de Arduino, yo te enseño.</p>
<p><a href="https://drive.google.com/uc?id=1vpdKlf085qBgciIwh1NFNGyPxqPSW4fL&amp;export=download" target="_blank" rel="noopener">Más información</a></p>
<p>Impartido por <span style="color: #000080;"><strong>Josu Garro </strong></span></p>
<p><span style="color: #000080;"><strong>Twitter: @otxolua</strong></span><br /><span style="font-weight: 400;"></span></p>
<p>&nbsp;</p>
<p><span style="font-weight: 400;"></span></p>
<p>[/et_pb_blurb][/et_pb_column][et_pb_column type=»1_2&#8243; _builder_version=»3.25&#8243; custom_padding=»|||» custom_padding__hover=»|||»][et_pb_blurb title=»Coeduca en tu aula» image=»https://www.aulablog.com/blog/encuentrovirtual2021/files/2021/06/coeduca.jpeg» _builder_version=»4.9.7&#8243;]</p>
<p class="p1">La educación para la igualdad aparece, desde hace años, en las leyes y órdenes educativas pero, ¿cómo lo llevamos a la práctica diaria? En este taller abordaremos la coeducación como medio de transformación social desde la educación formal.</p>
<p class="p2">¿Te animas a cambiar la mirada?</p>
<p><span style="font-weight: 400;">Impartido por <strong><span style="color: #333399;">Laura Labrador de Pablo</span></strong></span></p>
<p><span style="font-weight: 400;"><strong><span color="#000080" style="color: #000080;"> Instagram: @aulaparaelcambio </span></strong></span></p>
<p>&nbsp;</p>
<p>[/et_pb_blurb][/et_pb_column][/et_pb_row][et_pb_row column_structure=»1_2,1_2&#8243; _builder_version=»3.25&#8243;][et_pb_column type=»1_2&#8243; _builder_version=»3.25&#8243; custom_padding=»|||» custom_padding__hover=»|||»][et_pb_blurb title=»Proyectos de radio en la escuela» image=»https://www.aulablog.com/blog/encuentrovirtual2021/files/2021/06/radio.jpeg» _builder_version=»4.9.7&#8243;]</p>
<p><span data-sheets-value="{&quot;1&quot;:2,&quot;2&quot;:&quot;¿Qué ingredientes debe tener una sesión online? ¿Cómo programar una clase online en la que los alumnos aprendan, estén enganchados y se les pase tu sesión \&quot;volando\&quot;? Descubriremos juntos los ingredientes principales que debe tener una formación síncrona y a distancia. ¡Todo un reto!&quot;}" data-sheets-userformat="{&quot;2&quot;:513,&quot;3&quot;:{&quot;1&quot;:0},&quot;12&quot;:0}"></span></p>
<p><span style="font-size: 14px;">En este taller veremos cómo utilizar la radio escolar, con ejemplos de experiencias y un pequeño taller de edición de audio donde grabaremos en directo y editaremos con algunas funciones básicas de Audacity. </span></p>
<p><span style="font-size: 14px;">Es recomendable que tengáis este programa instalado por si queréis explorarlo mientras hacemos esta parte del taller.</span></p>
<p><a href="https://amariaadelacamachomanarel.tumblr.com/" target="_blank" rel="noopener noreferrer"></a></p>
<p>Impartido por <span style="color: #000080;"><strong>Ana Pitarch </strong></span></p>
<p><span style="color: #000080;"><strong>Twitter: @EducaConMusica</strong></span></p>
<p>&nbsp;</p>
<p>[/et_pb_blurb][/et_pb_column][et_pb_column type=»1_2&#8243; _builder_version=»3.25&#8243; custom_padding=»|||» custom_padding__hover=»|||»][et_pb_blurb title=»Organiza tu trabajo docente de manera digital» image=»https://www.aulablog.com/blog/encuentrovirtual2021/files/2021/06/notion.png» _builder_version=»4.9.7&#8243;]</p>
<p>En este taller aprenderás a realizar rutinas no lectivas del trabajo docente gracias a herramientas digitales. Estas te permitirán organizar la información, seleccionarla, relacionarla, crear listas de tareas, manejar bases de datos y gestionar el conocimiento de forma cómoda y en un mismo espacio.<br />Para este taller tendrás que abrir una cuenta en la aplicación <a href="https://www.notion.so/" target="_blank" rel="noopener">Notion</a> que será la que utilicemos.</p>
<p><span data-sheets-value="{&quot;1&quot;:2,&quot;2&quot;:&quot;Válido para todos los cursos y materias. Se harán ejemplos online de funcionamiento y se planteará al final la creación de algún producto musical para subir a un padlet con la herramienta que ellos decidan. &quot;}" data-sheets-userformat="{&quot;2&quot;:513,&quot;3&quot;:{&quot;1&quot;:0},&quot;12&quot;:0}">Necesidades del taller: Tener descargada la app Notion y abrir una cuenta en esta aplicación.</span></p>
<p>Impartido por<span style="color: #0000ff;"><strong> Javier Monteagudo &#8211; Isidro Vidal</strong></span></p>
<p><span style="color: #0000ff;"><strong><span style="color: #000080;">Twitter: @jmonteo &#8211; @isidro</span></strong></span></p>
<p>&nbsp;</p>
<p>[/et_pb_blurb][/et_pb_column][/et_pb_row][et_pb_row _builder_version=»3.25&#8243;][et_pb_column type=»4_4&#8243; _builder_version=»3.25&#8243; custom_padding=»|||» custom_padding__hover=»|||»][et_pb_cta button_text=»Click Here» _builder_version=»4.9.7&#8243; background_color=»#E09900&#8243; min_height=»49.6px» custom_padding=»||13px|||»]</p>
<h5>Se recomienda disponer de cámara web y micrófono para poder interactuar en los talleres.</h5>
<p>[/et_pb_cta][/et_pb_column][/et_pb_row][/et_pb_section]</p>

<p>Itinerario Vintage &#8211; Encuentro de aulaBLOG 2021 (edición virtual)Viernes 2:  18:15 &#8211; Mesa de experiencias Retos transdisciplinares en la asignatura Lingüística Aplicada de Filología Hispánica en la Universidad de Sevilla. Juan Pablo Mora Gutiérrez (Universidad de Sevilla) Estudio del impacto pedagógico provocado por experiencias de formación permanente del profesorado basadas en el Proyecto Europeo Aula [&hellip;]</p>
