{"id":1533,"date":"2014-05-09T09:01:52","date_gmt":"2014-05-09T07:01:52","guid":{"rendered":"http:\/\/www.aulablog.com\/blog\/?page_id=1533"},"modified":"2014-06-30T20:52:31","modified_gmt":"2014-06-30T18:52:31","slug":"programa-aulablog14","status":"publish","type":"page","link":"https:\/\/www.aulablog.com\/blog\/ix-encuentro-aulablog14\/programa-aulablog14\/","title":{"rendered":"Programa #aulaBLOG14"},"content":{"rendered":"<p dir=\"ltr\" style=\"text-align: center;\"><img loading=\"lazy\" decoding=\"async\" class=\"aligncenter\" src=\"http:\/\/totdental.com\/img\/clinica-dental\/blanqueamiento5\/barcelona.jpg\" alt=\"\" width=\"511\" height=\"252\" \/><\/p>\n<h3 dir=\"ltr\">Programa del IX Encuentro de aulaBLOG en Barcelona 2014<\/h3>\n<h2>Jueves 3<\/h2>\n<ul>\n<li dir=\"ltr\">\n<p dir=\"ltr\">11:00 Paseo y fotomarat\u00f3n por el Parque de Atracciones del Tibidabo. Quedaremos a esta hora a la entrada del parque, nos har\u00e1n un precio especial de grupo.<\/p>\n<\/li>\n<li dir=\"ltr\">13:30 Comida en el Colegio La Salle Bonanova<\/li>\n<\/ul>\n<ul>\n<li dir=\"ltr\">\n<p dir=\"ltr\">16:00 Recibimiento, acogida y entrega de materiales.<\/p>\n<\/li>\n<li dir=\"ltr\">\n<p dir=\"ltr\">16:30 Inauguraci\u00f3n del encuentro.<\/p>\n<\/li>\n<li dir=\"ltr\">!6:45 Presentaci\u00f3n de la nueva app de aulaBLOG<\/li>\n<li dir=\"ltr\">\n<p dir=\"ltr\">17:00 Conferencia inaugural: Boris MIr <em><span style=\"color: #222222; font-family: arial,sans-serif; font-size: 12.6667px; font-variant: normal; font-weight: normal; letter-spacing: normal; line-height: normal; text-align: start; text-indent: 0px; text-transform: none; white-space: normal; word-spacing: 0px; display: inline ! important; float: none; background-color: #ffffff;\">\u00bfCentro Innovador? WTF!<\/span>. <span style=\"color: #222222; font-family: arial,sans-serif; font-size: 12.6667px; font-variant: normal; font-weight: normal; letter-spacing: normal; line-height: normal; text-align: start; text-indent: 0px; text-transform: none; white-space: normal; word-spacing: 0px; display: inline ! important; float: none; background-color: #ffffff;\">El caso del Institut-Escola Les Vinyes<\/span><\/em><\/p>\n<\/li>\n<\/ul>\n<p><span style=\"color: #222222; font-family: arial, sans-serif; font-size: 12.666666984558105px; font-style: normal; font-variant: normal; font-weight: normal; letter-spacing: normal; line-height: normal; orphans: auto; text-align: start; text-indent: 0px; text-transform: none; white-space: normal; widows: auto; word-spacing: 0px; -webkit-text-stroke-width: 0px; display: inline !important; float: none; background-color: #ffffff;\"><strong>Resumen<\/strong>: Innovar en tiempos de recortes y de crisis es imposible. Inaugurar un centro sin apoyo institucional o recursos suplementarios no es viable. Trabajar en equipo, empoderar a los docentes y transformar la gesti\u00f3n en liderazgo no se hace con funcionarios. Implementar centros de inter\u00e9s, contenidos globalizados y trabajo por proyectos no encaja en la ESO. Nosotros, en el Institut-Escola Les Vinyes, no ten\u00edamos ni idea de que todo esto no se pod\u00eda hacer. Y lo estamos haciendo. \u00a1Somos un caso!<\/span><\/p>\n<ul>\n<li dir=\"ltr\">\n<p dir=\"ltr\">18:00 Pausa &#8211; caf\u00e9<\/p>\n<\/li>\n<li dir=\"ltr\">\n<p dir=\"ltr\">18:30 &#8211; 20:30 Espacios para aprender haciendo:<\/p>\n<ul>\n<li><a href=\"https:\/\/www.aulablog.com\/blog\/ix-encuentro-aulablog14\/programa-aulablog14\/matematicas-en-tres-actos-sin-conflicto-no-hay-matematicas\/\" target=\"_blank\">Matem\u00e1ticas en tres actos.\u00a0<em>\u00a1Sin conflicto, no hay matem\u00e1ticas!\u00a0<\/em>Boris Mir y Sergi del Moral.<\/a><\/li>\n<\/ul>\n<\/li>\n<li dir=\"ltr\">\n<p dir=\"ltr\">21:00 Cena en el Colegio La Salle Bonanova<\/p>\n<\/li>\n<\/ul>\n<h2 dir=\"ltr\">Viernes 4<\/h2>\n<ul>\n<li dir=\"ltr\">\n<p dir=\"ltr\">09:30 &#8211; 11:15 Espacios para aprender haciendo:<\/p>\n<\/li>\n<\/ul>\n<p>&#8211; <a href=\"https:\/\/www.aulablog.com\/blog\/ix-encuentro-aulablog14\/programa-aulablog14\/taller-de-introduccion-a-la-electronica-creativa\/\" target=\"_blank\">Taller de Introducci\u00f3n a la Electr\u00f3nica creativa. Mertxe J. Badiola<\/a>.<\/p>\n<p>&#8211; <a href=\"https:\/\/www.aulablog.com\/blog\/ix-encuentro-aulablog14\/programa-aulablog14\/taller-de-repositorios-de-recursos-educativos-abiertos\/\" target=\"_blank\">Recursos Educactivos Abiertos. Sonia Peinado Cruz y Juan Manuel Dodero Beardo<\/a>.<\/p>\n<p>&#8211; <a href=\"https:\/\/www.aulablog.com\/blog\/ix-encuentro-aulablog14\/programa-aulablog14\/robotica-y-trabajo-cooperativo\/\" target=\"_blank\">Rob\u00f3tica y trabajo cooperativo. Artur Coll<\/a><\/p>\n<p>&#8211; <a href=\"https:\/\/www.aulablog.com\/blog\/ix-encuentro-aulablog14\/programa-aulablog14\/romper-barreras-abrir-puertas-disenando-para-la-inclusion\/\" target=\"_blank\">Romper barreras, abrir puertas: dise\u00f1ando experiencias de sensibilizaci\u00f3n para la inclusi\u00f3n. Antonia Vivas<\/a><\/p>\n<p>&#8211; <a href=\"https:\/\/www.aulablog.com\/blog\/ix-encuentro-aulablog14\/programa-aulablog14\/iniciate-en-la-robotica-educativa-construyendo-y-controlando-tu-robot-bicho\/\" target=\"_blank\">In\u00edciate en la rob\u00f3tica educativa construyendo y controlando tu robot-bicho. Roc\u00edo Lara<\/a><\/p>\n<p>&#8211; <a href=\"https:\/\/www.aulablog.com\/blog\/ix-encuentro-aulablog14\/programa-aulablog14\/trabajo-colaborativo-y-evaluacion-en-wikis\/\" target=\"_blank\">Trabajo colaborativo y evaluaci\u00f3n con wikis. Antonio Balderas Alberico y Juan Manuel Dodero Beardo<\/a><\/p>\n<p>&nbsp;<\/p>\n<ul>\n<li dir=\"ltr\">\n<p dir=\"ltr\">11:15 Pausa &#8211; caf\u00e9<\/p>\n<\/li>\n<li dir=\"ltr\">\n<p dir=\"ltr\">12:15 &#8211; 13:30 Espacios para aprender haciendo*<\/p>\n<\/li>\n<\/ul>\n<p><a href=\"https:\/\/www.aulablog.com\/blog\/ix-encuentro-aulablog14\/programa-aulablog14\/como-hacer-una-gymkana-y-no-morir-en-el-intento\/\" target=\"_blank\">C\u00f3mo preparar una\u00a0Gymkana <\/a><a href=\"https:\/\/www.aulablog.com\/blog\/ix-encuentro-aulablog14\/programa-aulablog14\/como-hacer-una-gymkana-y-no-morir-en-el-intento\/\" target=\"_blank\">con Design Thinking<\/a><a href=\"https:\/\/www.aulablog.com\/blog\/ix-encuentro-aulablog14\/programa-aulablog14\/como-hacer-una-gymkana-y-no-morir-en-el-intento\/\" target=\"_blank\"> y no morir en el intento. Equipo de profesorado Salesianos Atocha<\/a><\/p>\n<p>&nbsp;<\/p>\n<ul>\n<li dir=\"ltr\">\n<p dir=\"ltr\">13:45 &#8211; 15:00 Comida en el mismo colegio La Salle Bonanova<\/p>\n<\/li>\n<\/ul>\n<p>&nbsp;<\/p>\n<ul>\n<li dir=\"ltr\">\n<p dir=\"ltr\">16:30 &#8211; 18:30 Espacios para aprender haciendo*<\/p>\n<\/li>\n<\/ul>\n<p class=\"p1\">&#8211; <a href=\"https:\/\/www.aulablog.com\/blog\/ix-encuentro-aulablog14\/programa-aulablog14\/taller-de-aumentaty\/\" target=\"_blank\">.Aumentaty Jos\u00e9 Miguel Mota Mac\u00edas y Juan Manuel Dodero Beardo.<\/a><\/p>\n<p class=\"p1\">&#8211; <a href=\"https:\/\/www.aulablog.com\/blog\/ix-encuentro-aulablog14\/programa-aulablog14\/creareduvolution\/\" target=\"_blank\">CrearEDUvolution. Jaume Sans y Carme Bov\u00e9<\/a><\/p>\n<p class=\"p1\">&#8211; <a href=\"https:\/\/www.aulablog.com\/blog\/ix-encuentro-aulablog14\/programa-aulablog14\/programa-actividades-interactivas-de-matematicas-y-ciencias-con-wiris-quizzes\/\" target=\"_blank\">Actividades interactivas de Matem\u00e1ticas y Ciencias con WIRIS Quizzes. Ram\u00f3n Eixarch<\/a><\/p>\n<p class=\"p1\">&#8211; <a href=\"https:\/\/www.aulablog.com\/blog\/ix-encuentro-aulablog14\/programa-aulablog14\/polka-robotica\/\" target=\"_blank\">Polka Rob\u00f3tica. Roc\u00edo Lara<\/a><\/p>\n<p class=\"p1\">&#8211; <a href=\"https:\/\/www.aulablog.com\/blog\/ix-encuentro-aulablog14\/programa-aulablog14\/taller-de-cuentacuentos\/\" target=\"_blank\">Cuentacuentos. Manuel Rino<\/a><\/p>\n<p class=\"p1\">&#8211; <a href=\"https:\/\/www.aulablog.com\/blog\/ix-encuentro-aulablog14\/programa-aulablog14\/pulso-ritmo-y-movimiento\/\" target=\"_blank\">Pulso, ritmo y movimiento. Isidro Vidal<\/a><\/p>\n<ul>\n<li dir=\"ltr\">\n<p dir=\"ltr\">18:30 &#8211; 18:45 Pausa &#8211; caf\u00e9<\/p>\n<\/li>\n<\/ul>\n<ul>\n<li dir=\"ltr\">\n<p dir=\"ltr\">18:45 &#8211; 20:00 Mesa de novatos<\/p>\n<\/li>\n<\/ul>\n<ul>\n<li dir=\"ltr\">\n<p dir=\"ltr\">21:00 Cena en el Restaurante 1881<\/p>\n<\/li>\n<\/ul>\n<h2 dir=\"ltr\">S\u00e1bado 5<\/h2>\n<ul>\n<li dir=\"ltr\">\n<p dir=\"ltr\">10:30\u00a0Memoria de actividades, previsiones para el pr\u00f3ximo curso. Grupos de trabajo de aulaBLOG Labs<\/p>\n<\/li>\n<li dir=\"ltr\">11:30 &#8211; 11:45 Amigos de la rob\u00f3tica educativa &#8211; Roc\u00edo Lara<\/li>\n<li dir=\"ltr\">\n<p dir=\"ltr\">11:45-12:15: pausa &#8211; caf\u00e9<\/p>\n<\/li>\n<li dir=\"ltr\">\n<p dir=\"ltr\">12:15 Conferencia de Alfredo Hernando<\/p>\n<\/li>\n<li dir=\"ltr\">\n<p dir=\"ltr\">\u00a013: 15 Entrega del Premio Xekeirox<\/p>\n<\/li>\n<li dir=\"ltr\">13:30: Clausura del Encuentro &#8211; Entrega de Certificados<\/li>\n<li dir=\"ltr\">\n<p dir=\"ltr\">14:00 Polka de Edublogs<\/p>\n<\/li>\n<\/ul>\n<p>&nbsp;<\/p>\n<p><span style=\"color: #0000ff;\">* Espacios <em>Aprender haciendo<\/em>: <a title=\"Acepta el reto\" href=\"https:\/\/www.aulablog.com\/blog\/blog\/2014\/05\/25\/encuentro-aulablog-2014-aceptas-el-reto\/\" target=\"_blank\"><span style=\"color: #0000ff;\">Acepta el reto<\/span><\/a><\/span><\/p>\n<p>* <a href=\"https:\/\/www.aulablog.com\/blog\/blog\/2014\/06\/13\/aceptas-el-reto-seleccion-de-propuestas\/\" target=\"_blank\">\u00bfAceptas el reto? Selecci\u00f3n de propuestas<\/a><\/p>\n","protected":false},"excerpt":{"rendered":"<p>Programa del IX Encuentro de aulaBLOG en Barcelona 2014 Jueves 3 11:00 Paseo y fotomarat\u00f3n por el Parque de Atracciones del Tibidabo. Quedaremos a esta hora a la entrada del parque, nos har\u00e1n un precio especial de grupo. 13:30 Comida en el Colegio La Salle Bonanova 16:00 Recibimiento, acogida y entrega de materiales. 16:30 Inauguraci\u00f3n [&hellip;]<\/p>\n","protected":false},"author":5,"featured_media":0,"parent":1531,"menu_order":0,"comment_status":"open","ping_status":"open","template":"","meta":{"_et_pb_use_builder":"","_et_pb_old_content":"","_et_gb_content_width":"","footnotes":""},"class_list":["post-1533","page","type-page","status-publish","hentry"],"_links":{"self":[{"href":"https:\/\/www.aulablog.com\/blog\/wp-json\/wp\/v2\/pages\/1533","targetHints":{"allow":["GET"]}}],"collection":[{"href":"https:\/\/www.aulablog.com\/blog\/wp-json\/wp\/v2\/pages"}],"about":[{"href":"https:\/\/www.aulablog.com\/blog\/wp-json\/wp\/v2\/types\/page"}],"author":[{"embeddable":true,"href":"https:\/\/www.aulablog.com\/blog\/wp-json\/wp\/v2\/users\/5"}],"replies":[{"embeddable":true,"href":"https:\/\/www.aulablog.com\/blog\/wp-json\/wp\/v2\/comments?post=1533"}],"version-history":[{"count":25,"href":"https:\/\/www.aulablog.com\/blog\/wp-json\/wp\/v2\/pages\/1533\/revisions"}],"predecessor-version":[{"id":1662,"href":"https:\/\/www.aulablog.com\/blog\/wp-json\/wp\/v2\/pages\/1533\/revisions\/1662"}],"up":[{"embeddable":true,"href":"https:\/\/www.aulablog.com\/blog\/wp-json\/wp\/v2\/pages\/1531"}],"wp:attachment":[{"href":"https:\/\/www.aulablog.com\/blog\/wp-json\/wp\/v2\/media?parent=1533"}],"curies":[{"name":"wp","href":"https:\/\/api.w.org\/{rel}","templated":true}]}}