{"id":1577,"date":"2014-06-13T13:11:21","date_gmt":"2014-06-13T11:11:21","guid":{"rendered":"http:\/\/www.aulablog.com\/blog\/?page_id=1577"},"modified":"2014-06-13T13:11:21","modified_gmt":"2014-06-13T11:11:21","slug":"iniciate-en-la-robotica-educativa-construyendo-y-controlando-tu-robot-bicho","status":"publish","type":"page","link":"https:\/\/www.aulablog.com\/blog\/ix-encuentro-aulablog14\/programa-aulablog14\/iniciate-en-la-robotica-educativa-construyendo-y-controlando-tu-robot-bicho\/","title":{"rendered":"In\u00edciate en la rob\u00f3tica educativa construyendo y controlando tu robot-bicho"},"content":{"rendered":"<p><b>N\u00famero m\u00e1ximo de participantes:<\/b> 15 (un robot para cada tres)<\/p>\n<p><b>\u00bfPorqu\u00e9 es interesante vuestra propuesta?<\/b><\/p>\n<p>Se trata de un espacio de iniciaci\u00f3n a la rob\u00f3tica educativa para el cual no son necesarios conocimientos previos. Los participantes podr\u00e1n construir\u00e1n y telecontrolar\u00e1n un robot de la marca OLLO de rob\u00f3tica educativa, alternativa muy interesante por ser muy econ\u00f3mica, dise\u00f1ada para alumnos a partir de 10 a\u00f1os y programable y controlable desde dispositivos m\u00f3viles Android (mediante software gratuito).<\/p>\n<p>&nbsp;<\/p>\n<p><b>Nombres de los que vais a presentar la propuesta:<\/b><\/p>\n<p>Roc\u00edo Lara (de Ro-Botica)<\/p>\n<p><b>L\u00ednea tem\u00e1tica seleccionada para trabajar:<\/b><\/p>\n<p>Rob\u00f3tica + M-Learning<\/p>\n<p><b>Descripci\u00f3n breve de lo que quer\u00e9is hacer, es decir \u00a0\u00bfqu\u00e9 vamos a aprender? \u00a0\u00bfc\u00f3mo? :<\/b><\/p>\n<p>Los participantes montar\u00e1n por grupos kits rob\u00f3ticos OLLO Bug que telecontrolar\u00e1n y de manera que los robots puedan interactuar entre ellos. Se aprende a construir, programar y controlar un robot, trabajando colaborativamente con los compa\u00f1eros de grupo.<\/p>\n<p>&nbsp;<\/p>\n<p><b>Material opcional (deben traerlo los participantes):<\/b><\/p>\n<p>Si alguien desea seguir las instrucciones de montaje con el Smartphone\/ Tablet Android debe tener instalada en su dispositivo la app gratuita<\/p>\n<p>App &#8211; R+ Design<a href=\"https:\/\/play.google.com\/store\/apps\/details?id=com.robotis.mdesign&amp;hl=es\">https:\/\/play.google.com\/store\/apps\/details?id=com.robotis.mdesign&amp;hl=es<\/a><\/p>\n<p>Si alguien desea controlar y\/o programar con Smartphone\/Tablet \u00a0\u00a0Android<\/p>\n<p>debe tener instalada en su dispositivo la app gratuita App R+ m task<a href=\"https:\/\/play.google.com\/store\/apps\/details?id=com.robotis.mtask&amp;hl=es\">https:\/\/play.google.com\/store\/apps\/details?id=com.robotis.mtask&amp;hl=es<\/a><\/p>\n<p>&nbsp;<\/p>\n","protected":false},"excerpt":{"rendered":"<p>N\u00famero m\u00e1ximo de participantes: 15 (un robot para cada tres) \u00bfPorqu\u00e9 es interesante vuestra propuesta? Se trata de un espacio de iniciaci\u00f3n a la rob\u00f3tica educativa para el cual no son necesarios conocimientos previos. Los participantes podr\u00e1n construir\u00e1n y telecontrolar\u00e1n un robot de la marca OLLO de rob\u00f3tica educativa, alternativa muy interesante por ser muy [&hellip;]<\/p>\n","protected":false},"author":5,"featured_media":0,"parent":1533,"menu_order":0,"comment_status":"open","ping_status":"open","template":"","meta":{"_et_pb_use_builder":"","_et_pb_old_content":"","_et_gb_content_width":"","footnotes":""},"class_list":["post-1577","page","type-page","status-publish","hentry"],"_links":{"self":[{"href":"https:\/\/www.aulablog.com\/blog\/wp-json\/wp\/v2\/pages\/1577","targetHints":{"allow":["GET"]}}],"collection":[{"href":"https:\/\/www.aulablog.com\/blog\/wp-json\/wp\/v2\/pages"}],"about":[{"href":"https:\/\/www.aulablog.com\/blog\/wp-json\/wp\/v2\/types\/page"}],"author":[{"embeddable":true,"href":"https:\/\/www.aulablog.com\/blog\/wp-json\/wp\/v2\/users\/5"}],"replies":[{"embeddable":true,"href":"https:\/\/www.aulablog.com\/blog\/wp-json\/wp\/v2\/comments?post=1577"}],"version-history":[{"count":1,"href":"https:\/\/www.aulablog.com\/blog\/wp-json\/wp\/v2\/pages\/1577\/revisions"}],"predecessor-version":[{"id":1578,"href":"https:\/\/www.aulablog.com\/blog\/wp-json\/wp\/v2\/pages\/1577\/revisions\/1578"}],"up":[{"embeddable":true,"href":"https:\/\/www.aulablog.com\/blog\/wp-json\/wp\/v2\/pages\/1533"}],"wp:attachment":[{"href":"https:\/\/www.aulablog.com\/blog\/wp-json\/wp\/v2\/media?parent=1577"}],"curies":[{"name":"wp","href":"https:\/\/api.w.org\/{rel}","templated":true}]}}